{"id":1090,"date":"2023-05-14T09:14:56","date_gmt":"2023-05-14T07:14:56","guid":{"rendered":"https:\/\/www.klimainitiative-windeck.de\/?post_type=event&#038;p=1090"},"modified":"2023-05-14T09:14:58","modified_gmt":"2023-05-14T07:14:58","slug":"fahrradklima-test-2022-wo-steht-windeck","status":"publish","type":"event","link":"https:\/\/www.klimainitiative-windeck.de\/index.php\/event\/fahrradklima-test-2022-wo-steht-windeck\/","title":{"rendered":"Fahrradklima-Test 2022: Wo steht Windeck?"},"content":{"rendered":"\n<p>ADFC Obere Sieg und KlimaInitiative Windeck<\/p>\n\n\n\n<p>Alle 2 Jahre veranstaltet der ADFC eine bundesweite Befragung der Radfahrenden zum Thema: \u201eWie ist das Radeln an deinem Wohnort?\u201c<\/p>\n\n\n\n<p>Es werden bundesweit dieselben 27 Fragen z. B. zu Radinfrastruktur und Sicherheit im Stra\u00dfenverkehr gestellt und im Schulnotensystem bewertet. Aufgeteilt in verschiedene Ortsgr\u00f6\u00dfenklassen wurden die Antworten der diesmal 245.000 Teilnehmenden aus 1.114 St\u00e4dten und Gemeinden ausgewertet und mit vergleichbaren Kommunen und fr\u00fcheren Befragungen verglichen.<\/p>\n\n\n\n<p>Bei den Gemeinden mit unter\u00a0 20.000 Einwohnern braucht es mindestens 50 Teilnehmende, um in die Wertung zu kommen,was in Eitorf und Windeck 2020 und 2022 gelang.<\/p>\n\n\n\n<p>F\u00fcr Menschen, die h\u00e4ufiger und ganzj\u00e4hrig mit dem Rad an der Oberen Sieg (und nicht nur da) unterwegs sind, ist es nicht&nbsp; \u00fcberraschend, dass die Ergebnisse wieder sehr m\u00e4\u00dfig ausgefallen sind.<\/p>\n\n\n\n<p>Windeck belegte kreisweit unter 19 Kommunen den 14. Platz mit einem Durchschnittswert von 4,27, der fast exakt dem von 2020 entspricht.<\/p>\n\n\n\n<p>Allein aus dieser Zahl wird eines sehr deutlich: Es bleibt viel zu tun, bis der Radverkehr auch bei uns seine wichtige Rolle in der Mobilit\u00e4tswende ausf\u00fcllen kann!<\/p>\n\n\n\n<p>Die&nbsp; detaillierten Ergebnisse m\u00f6chte der ADFC Obere Sieg gemeinsam mit der KlimaInitiative Windeck in einer \u00f6ffentlichen Veranstaltung vorstellen und mit allen Interessierten diskutieren.<\/p>\n\n\n\n<p>Wir laden daher ein: Am Freitag, den 2. Juni um 19 Uhr in das \u201eHaus des Gastes\u201c in Herchen.<\/p>\n\n\n\n<p class=\"has-text-align-right\"><em>Text: Dieter Zerbin<\/em><\/p>\n","protected":false},"author":1,"featured_media":0,"menu_order":0,"template":"","meta":{"site-sidebar-layout":"default","site-content-layout":"","ast-site-content-layout":"default","site-content-style":"default","site-sidebar-style":"default","ast-global-header-display":"","ast-banner-title-visibility":"","ast-main-header-display":"","ast-hfb-above-header-display":"","ast-hfb-below-header-display":"","ast-hfb-mobile-header-display":"","site-post-title":"","ast-breadcrumbs-content":"","ast-featured-img":"","footer-sml-layout":"","ast-disable-related-posts":"","theme-transparent-header-meta":"","adv-header-id-meta":"","stick-header-meta":"","header-above-stick-meta":"","header-main-stick-meta":"","header-below-stick-meta":"","astra-migrate-meta-layouts":"default","ast-page-background-enabled":"default","ast-page-background-meta":{"desktop":{"background-color":"var(--ast-global-color-4)","background-image":"","background-repeat":"repeat","background-position":"center center","background-size":"auto","background-attachment":"scroll","background-type":"","background-media":"","overlay-type":"","overlay-color":"","overlay-opacity":"","overlay-gradient":""},"tablet":{"background-color":"","background-image":"","background-repeat":"repeat","background-position":"center center","background-size":"auto","background-attachment":"scroll","background-type":"","background-media":"","overlay-type":"","overlay-color":"","overlay-opacity":"","overlay-gradient":""},"mobile":{"background-color":"","background-image":"","background-repeat":"repeat","background-position":"center center","background-size":"auto","background-attachment":"scroll","background-type":"","background-media":"","overlay-type":"","overlay-color":"","overlay-opacity":"","overlay-gradient":""}},"ast-content-background-meta":{"desktop":{"background-color":"var(--ast-global-color-5)","background-image":"","background-repeat":"repeat","background-position":"center center","background-size":"auto","background-attachment":"scroll","background-type":"","background-media":"","overlay-type":"","overlay-color":"","overlay-opacity":"","overlay-gradient":""},"tablet":{"background-color":"var(--ast-global-color-5)","background-image":"","background-repeat":"repeat","background-position":"center center","background-size":"auto","background-attachment":"scroll","background-type":"","background-media":"","overlay-type":"","overlay-color":"","overlay-opacity":"","overlay-gradient":""},"mobile":{"background-color":"var(--ast-global-color-5)","background-image":"","background-repeat":"repeat","background-position":"center center","background-size":"auto","background-attachment":"scroll","background-type":"","background-media":"","overlay-type":"","overlay-color":"","overlay-opacity":"","overlay-gradient":""}}},"event_cat":[39,50],"class_list":["post-1090","event","type-event","status-publish","hentry","event_cat-informationsveranstaltung","event_cat-mobilitaet"],"_links":{"self":[{"href":"https:\/\/www.klimainitiative-windeck.de\/index.php\/wp-json\/wp\/v2\/event\/1090","targetHints":{"allow":["GET"]}}],"collection":[{"href":"https:\/\/www.klimainitiative-windeck.de\/index.php\/wp-json\/wp\/v2\/event"}],"about":[{"href":"https:\/\/www.klimainitiative-windeck.de\/index.php\/wp-json\/wp\/v2\/types\/event"}],"author":[{"embeddable":true,"href":"https:\/\/www.klimainitiative-windeck.de\/index.php\/wp-json\/wp\/v2\/users\/1"}],"wp:attachment":[{"href":"https:\/\/www.klimainitiative-windeck.de\/index.php\/wp-json\/wp\/v2\/media?parent=1090"}],"wp:term":[{"taxonomy":"event_cat","embeddable":true,"href":"https:\/\/www.klimainitiative-windeck.de\/index.php\/wp-json\/wp\/v2\/event_cat?post=1090"}],"curies":[{"name":"wp","href":"https:\/\/api.w.org\/{rel}","templated":true}]}}

<p>ADFC Obere Sieg und KlimaInitiative Windeck</p>



<p>Alle 2 Jahre veranstaltet der ADFC eine bundesweite Befragung der Radfahrenden zum Thema: „Wie ist das Radeln an deinem Wohnort?“</p>



<p>Es werden bundesweit dieselben 27 Fragen z. B. zu Radinfrastruktur und Sicherheit im Straßenverkehr gestellt und im Schulnotensystem bewertet. Aufgeteilt in verschiedene Ortsgrößenklassen wurden die Antworten der diesmal 245.000 Teilnehmenden aus 1.114 Städten und Gemeinden ausgewertet und mit vergleichbaren Kommunen und früheren Befragungen verglichen.</p>



<p>Bei den Gemeinden mit unter  20.000 Einwohnern braucht es mindestens 50 Teilnehmende, um in die Wertung zu kommen,was in Eitorf und Windeck 2020 und 2022 gelang.</p>



<p>Für Menschen, die häufiger und ganzjährig mit dem Rad an der Oberen Sieg (und nicht nur da) unterwegs sind, ist es nicht&nbsp; überraschend, dass die Ergebnisse wieder sehr mäßig ausgefallen sind.</p>



<p>Windeck belegte kreisweit unter 19 Kommunen den 14. Platz mit einem Durchschnittswert von 4,27, der fast exakt dem von 2020 entspricht.</p>



<p>Allein aus dieser Zahl wird eines sehr deutlich: Es bleibt viel zu tun, bis der Radverkehr auch bei uns seine wichtige Rolle in der Mobilitätswende ausfüllen kann!</p>



<p>Die&nbsp; detaillierten Ergebnisse möchte der ADFC Obere Sieg gemeinsam mit der KlimaInitiative Windeck in einer öffentlichen Veranstaltung vorstellen und mit allen Interessierten diskutieren.</p>



<p>Wir laden daher ein: Am Freitag, den 2. Juni um 19 Uhr in das „Haus des Gastes“ in Herchen.</p>



<p class="has-text-align-right"><em>Text: Dieter Zerbin</em></p>
