{"id":1177,"date":"2025-08-07T21:03:57","date_gmt":"2025-08-07T19:03:57","guid":{"rendered":"https:\/\/www.klimainitiative-windeck.de\/?post_type=event&#038;p=1177"},"modified":"2025-08-07T21:05:05","modified_gmt":"2025-08-07T19:05:05","slug":"klimastammtisch-im-september-2","status":"publish","type":"event","link":"https:\/\/www.klimainitiative-windeck.de\/index.php\/event\/klimastammtisch-im-september-2\/","title":{"rendered":"Klimastammtisch im September"},"content":{"rendered":"\n<p>Wir treffen uns in der Regel jeden ersten Dienstag im Monat zum Besprechen und Planen von gemeinsamen Aktionen. Die Tagesordnung wird vorher per E-Mail verschickt.<br>Interessierte sind jederzeit herzlich willkommen.<\/p>\n\n\n\n<p id=\"block-11e332d5-710d-4cfc-adc0-716e015b06de\">Wir k\u00f6nnen ab 19 Uhr in den Raum. Mit der Tagesordnung wird dann zwischen 19:15 und 19:30 Uhr begonnen.<\/p>\n\n\n\n<p>Das B\u00fcZe kann auch bequem per Bus erreicht werden: Linie 546 bis &#8222;Im \u00dcnken&#8220; oder Linie 547 bis &#8222;L\u00fctz Eck&#8220;, von dort sind es jeweils nur wenige hundert Meter zu fu\u00df.<\/p>\n\n\n\n<p><\/p>\n","protected":false},"author":1,"featured_media":1546,"menu_order":0,"template":"","meta":{"site-sidebar-layout":"default","site-content-layout":"","ast-site-content-layout":"default","site-content-style":"default","site-sidebar-style":"default","ast-global-header-display":"","ast-banner-title-visibility":"","ast-main-header-display":"","ast-hfb-above-header-display":"","ast-hfb-below-header-display":"","ast-hfb-mobile-header-display":"","site-post-title":"","ast-breadcrumbs-content":"","ast-featured-img":"","footer-sml-layout":"","ast-disable-related-posts":"","theme-transparent-header-meta":"","adv-header-id-meta":"","stick-header-meta":"","header-above-stick-meta":"","header-main-stick-meta":"","header-below-stick-meta":"","astra-migrate-meta-layouts":"set","ast-page-background-enabled":"default","ast-page-background-meta":{"desktop":{"background-color":"var(--ast-global-color-4)","background-image":"","background-repeat":"repeat","background-position":"center center","background-size":"auto","background-attachment":"scroll","background-type":"","background-media":"","overlay-type":"","overlay-color":"","overlay-opacity":"","overlay-gradient":""},"tablet":{"background-color":"","background-image":"","background-repeat":"repeat","background-position":"center center","background-size":"auto","background-attachment":"scroll","background-type":"","background-media":"","overlay-type":"","overlay-color":"","overlay-opacity":"","overlay-gradient":""},"mobile":{"background-color":"","background-image":"","background-repeat":"repeat","background-position":"center center","background-size":"auto","background-attachment":"scroll","background-type":"","background-media":"","overlay-type":"","overlay-color":"","overlay-opacity":"","overlay-gradient":""}},"ast-content-background-meta":{"desktop":{"background-color":"var(--ast-global-color-5)","background-image":"","background-repeat":"repeat","background-position":"center center","background-size":"auto","background-attachment":"scroll","background-type":"","background-media":"","overlay-type":"","overlay-color":"","overlay-opacity":"","overlay-gradient":""},"tablet":{"background-color":"var(--ast-global-color-5)","background-image":"","background-repeat":"repeat","background-position":"center center","background-size":"auto","background-attachment":"scroll","background-type":"","background-media":"","overlay-type":"","overlay-color":"","overlay-opacity":"","overlay-gradient":""},"mobile":{"background-color":"var(--ast-global-color-5)","background-image":"","background-repeat":"repeat","background-position":"center center","background-size":"auto","background-attachment":"scroll","background-type":"","background-media":"","overlay-type":"","overlay-color":"","overlay-opacity":"","overlay-gradient":""}}},"event_cat":[37],"class_list":["post-1177","event","type-event","status-publish","has-post-thumbnail","hentry","event_cat-klimastammtisch"],"_links":{"self":[{"href":"https:\/\/www.klimainitiative-windeck.de\/index.php\/wp-json\/wp\/v2\/event\/1177","targetHints":{"allow":["GET"]}}],"collection":[{"href":"https:\/\/www.klimainitiative-windeck.de\/index.php\/wp-json\/wp\/v2\/event"}],"about":[{"href":"https:\/\/www.klimainitiative-windeck.de\/index.php\/wp-json\/wp\/v2\/types\/event"}],"author":[{"embeddable":true,"href":"https:\/\/www.klimainitiative-windeck.de\/index.php\/wp-json\/wp\/v2\/users\/1"}],"wp:featuredmedia":[{"embeddable":true,"href":"https:\/\/www.klimainitiative-windeck.de\/index.php\/wp-json\/wp\/v2\/media\/1546"}],"wp:attachment":[{"href":"https:\/\/www.klimainitiative-windeck.de\/index.php\/wp-json\/wp\/v2\/media?parent=1177"}],"wp:term":[{"taxonomy":"event_cat","embeddable":true,"href":"https:\/\/www.klimainitiative-windeck.de\/index.php\/wp-json\/wp\/v2\/event_cat?post=1177"}],"curies":[{"name":"wp","href":"https:\/\/api.w.org\/{rel}","templated":true}]}}

<p>Wir treffen uns in der Regel jeden ersten Dienstag im Monat zum Besprechen und Planen von gemeinsamen Aktionen. Die Tagesordnung wird vorher per E-Mail verschickt.<br>Interessierte sind jederzeit herzlich willkommen.</p>



<p id="block-11e332d5-710d-4cfc-adc0-716e015b06de">Wir können ab 19 Uhr in den Raum. Mit der Tagesordnung wird dann zwischen 19:15 und 19:30 Uhr begonnen.</p>



<p>Das BüZe kann auch bequem per Bus erreicht werden: Linie 546 bis &#8222;Im Ünken&#8220; oder Linie 547 bis &#8222;Lütz Eck&#8220;, von dort sind es jeweils nur wenige hundert Meter zu fuß.</p>



<p></p>
