{"id":1440,"date":"2024-09-04T17:28:10","date_gmt":"2024-09-04T15:28:10","guid":{"rendered":"https:\/\/www.klimainitiative-windeck.de\/?post_type=event&#038;p=1440"},"modified":"2025-11-02T19:19:12","modified_gmt":"2025-11-02T18:19:12","slug":"e-carsharing-in-dattenfeld","status":"publish","type":"event","link":"https:\/\/www.klimainitiative-windeck.de\/index.php\/event\/e-carsharing-in-dattenfeld\/","title":{"rendered":"E-Carsharing in Dattenfeld"},"content":{"rendered":"\n<p>Interessierte k\u00f6nnen sich hier einige der Autos anschauen, die beim Carsharing der B\u00fcrgerenergie Rhein-Sieg in Windeck und Umgebung genutzt werden k\u00f6nnen. Am Infostand stehen wir f\u00fcr Ihre Fragen zur Verf\u00fcgung.<\/p>\n\n\n\n<p>Die Veranstaltung ist Teil <a href=\"https:\/\/www.klimainitiative-windeck.de\/index.php\/2024\/09\/04\/aktionstage-nachhaltigkeit-2024-wir-laden-ein\/\" data-type=\"post\" data-id=\"1422\">unseres Programm<\/a>s zu den Deutschen Aktionstagen Nachhaltigkeit 2024.<\/p>\n","protected":false},"author":1,"featured_media":638,"menu_order":0,"template":"","meta":{"site-sidebar-layout":"default","site-content-layout":"","ast-site-content-layout":"default","site-content-style":"default","site-sidebar-style":"default","ast-global-header-display":"","ast-banner-title-visibility":"","ast-main-header-display":"","ast-hfb-above-header-display":"","ast-hfb-below-header-display":"","ast-hfb-mobile-header-display":"","site-post-title":"","ast-breadcrumbs-content":"","ast-featured-img":"","footer-sml-layout":"","ast-disable-related-posts":"","theme-transparent-header-meta":"","adv-header-id-meta":"","stick-header-meta":"","header-above-stick-meta":"","header-main-stick-meta":"","header-below-stick-meta":"","astra-migrate-meta-layouts":"set","ast-page-background-enabled":"default","ast-page-background-meta":{"desktop":{"background-color":"var(--ast-global-color-4)","background-image":"","background-repeat":"repeat","background-position":"center center","background-size":"auto","background-attachment":"scroll","background-type":"","background-media":"","overlay-type":"","overlay-color":"","overlay-opacity":"","overlay-gradient":""},"tablet":{"background-color":"","background-image":"","background-repeat":"repeat","background-position":"center center","background-size":"auto","background-attachment":"scroll","background-type":"","background-media":"","overlay-type":"","overlay-color":"","overlay-opacity":"","overlay-gradient":""},"mobile":{"background-color":"","background-image":"","background-repeat":"repeat","background-position":"center center","background-size":"auto","background-attachment":"scroll","background-type":"","background-media":"","overlay-type":"","overlay-color":"","overlay-opacity":"","overlay-gradient":""}},"ast-content-background-meta":{"desktop":{"background-color":"var(--ast-global-color-5)","background-image":"","background-repeat":"repeat","background-position":"center center","background-size":"auto","background-attachment":"scroll","background-type":"","background-media":"","overlay-type":"","overlay-color":"","overlay-opacity":"","overlay-gradient":""},"tablet":{"background-color":"var(--ast-global-color-5)","background-image":"","background-repeat":"repeat","background-position":"center center","background-size":"auto","background-attachment":"scroll","background-type":"","background-media":"","overlay-type":"","overlay-color":"","overlay-opacity":"","overlay-gradient":""},"mobile":{"background-color":"var(--ast-global-color-5)","background-image":"","background-repeat":"repeat","background-position":"center center","background-size":"auto","background-attachment":"scroll","background-type":"","background-media":"","overlay-type":"","overlay-color":"","overlay-opacity":"","overlay-gradient":""}}},"event_cat":[72,54,39,50],"class_list":["post-1440","event","type-event","status-publish","has-post-thumbnail","hentry","event_cat-aktionstage_nachhaltigkeit_2024","event_cat-carsharing","event_cat-informationsveranstaltung","event_cat-mobilitaet"],"_links":{"self":[{"href":"https:\/\/www.klimainitiative-windeck.de\/index.php\/wp-json\/wp\/v2\/event\/1440","targetHints":{"allow":["GET"]}}],"collection":[{"href":"https:\/\/www.klimainitiative-windeck.de\/index.php\/wp-json\/wp\/v2\/event"}],"about":[{"href":"https:\/\/www.klimainitiative-windeck.de\/index.php\/wp-json\/wp\/v2\/types\/event"}],"author":[{"embeddable":true,"href":"https:\/\/www.klimainitiative-windeck.de\/index.php\/wp-json\/wp\/v2\/users\/1"}],"wp:featuredmedia":[{"embeddable":true,"href":"https:\/\/www.klimainitiative-windeck.de\/index.php\/wp-json\/wp\/v2\/media\/638"}],"wp:attachment":[{"href":"https:\/\/www.klimainitiative-windeck.de\/index.php\/wp-json\/wp\/v2\/media?parent=1440"}],"wp:term":[{"taxonomy":"event_cat","embeddable":true,"href":"https:\/\/www.klimainitiative-windeck.de\/index.php\/wp-json\/wp\/v2\/event_cat?post=1440"}],"curies":[{"name":"wp","href":"https:\/\/api.w.org\/{rel}","templated":true}]}}

<p>Interessierte können sich hier einige der Autos anschauen, die beim Carsharing der Bürgerenergie Rhein-Sieg in Windeck und Umgebung genutzt werden können. Am Infostand stehen wir für Ihre Fragen zur Verfügung.</p>



<p>Die Veranstaltung ist Teil <a href="https://www.klimainitiative-windeck.de/index.php/2024/09/04/aktionstage-nachhaltigkeit-2024-wir-laden-ein/" data-type="post" data-id="1422">unseres Programm</a>s zu den Deutschen Aktionstagen Nachhaltigkeit 2024.</p>
