{"id":1578,"date":"2026-03-02T15:34:18","date_gmt":"2026-03-02T14:34:18","guid":{"rendered":"https:\/\/www.klimainitiative-windeck.de\/?post_type=event&#038;p=1578"},"modified":"2026-03-03T10:46:42","modified_gmt":"2026-03-03T09:46:42","slug":"wo-ist-unser-radweg","status":"publish","type":"event","link":"https:\/\/www.klimainitiative-windeck.de\/index.php\/event\/wo-ist-unser-radweg\/","title":{"rendered":"WO IST UNSER RADWEG?"},"content":{"rendered":"\n<p>\u201eWo ist unser Radweg?\u201c &#8211; diese Frage stellen sich die Radfahrenden in Windeck schon immer. Dabei ist die Antwort ebenso einfach wie unbefriedigend: es gibt keine Radwege in Windeck!<\/p>\n\n\n\n<p>Der oft als solcher beschriebene \u201eSieg-Unterhaltungsweg\u201c ist seit Jahren zwischen Dattenfeld und Dreisel (offiziell) gesperrt. Wir h\u00f6ren immer, die zust\u00e4ndigen Stellen seien in \u201eguten Gespr\u00e4chen\u201c &#8211; es wird Zeit f\u00fcr gute Ergebnisse!<br>Entlang der verkehrsreichen Hauptstra\u00dfen gibt es lediglich die konkrete Planung f\u00fcr ein Teilst\u00fcck eines Rad-\/Fu\u00dfweges entlang der B256 zwischen Rosbach und Au. Die Umsetzung stockt jedoch immer wieder.<br>Ansonsten? Fehlanzeige auf der Siegtalstra\u00dfe (L333) inner- und au\u00dferorts, ebenso wie auf den Wegen nach Waldbr\u00f6l, Ruppichteroth, Hamm\/Sieg, Leuscheid\/Weyerbusch&#8230;<\/p>\n\n\n\n<p>Angesichts dieser Ausgangslage ist es kein Wunder, dass so wenige Menschen in Windeck das Fahrrad h\u00e4ufiger f\u00fcr allt\u00e4gliche Wege benutzen \u2013 es ist vielen einfach zu gef\u00e4hrlich. Dabei er\u00f6ffnet gerade der Pedelec-Boom der letzten Jahre dem Radverkehr auch in h\u00fcgeligen l\u00e4ndlichen Gebieten neue M\u00f6glichkeiten.<\/p>\n\n\n\n<p>Als ADFC Obere Sieg, VCD und KlimaIniative Windeck sehen wir neben der Kritik an den bestehenden Verh\u00e4ltnissen unsere Aufgabe nat\u00fcrlich auch darin, die Menschen trotz aller Widrigkeiten zu verst\u00e4rkter Fahrradnutzung zu motivieren, besonders bei den allt\u00e4glichen Wegen. Denn es liegt auch in unserer Hand: der Alltagsradverkehr muss in Windeck deutlich sichtbarer werden! Den Nutzen haben wir alle: Gesundheit, weniger L\u00e4rm, mehr Platz, bessere Luft, weniger Klimabelastung&#8230;<\/p>\n\n\n\n<p>Deshalb rufen wir alle B\u00fcrger*innen, Gro\u00dfe wie Kleine, auf, am 18. April um 10 Uhr in Rosbach auf dem Parkplatz neben dem B\u00fcrgerb\u00fcro (Rathausstr. 16) laut und zahlreich f\u00fcr eine bessere Fahrrad-Infrastruktur zu demonstrieren.<\/p>\n\n\n\n<p>Lasst uns unseren Platz auf den Stra\u00dfen und Wegen einfordern, damit sich alle Menschen gefahrlos im \u00f6ffentlichen Raum bewegen k\u00f6nnen und das Klima gesch\u00fctzt wird!<\/p>\n\n\n\n<p>Der Demonstrationsweg geht von Rosbach nach Altwindeck und Dattenfeld und zur\u00fcck. Die Polizei wird uns begleiten.<\/p>\n\n\n\n<p class=\"has-text-align-right\"><em>Text: Dieter Zerbin<\/em><\/p>\n\n\n\n<p><\/p>\n","protected":false},"author":1,"featured_media":350,"menu_order":0,"template":"","meta":{"site-sidebar-layout":"default","site-content-layout":"","ast-site-content-layout":"default","site-content-style":"default","site-sidebar-style":"default","ast-global-header-display":"","ast-banner-title-visibility":"","ast-main-header-display":"","ast-hfb-above-header-display":"","ast-hfb-below-header-display":"","ast-hfb-mobile-header-display":"","site-post-title":"","ast-breadcrumbs-content":"","ast-featured-img":"","footer-sml-layout":"","ast-disable-related-posts":"","theme-transparent-header-meta":"","adv-header-id-meta":"","stick-header-meta":"","header-above-stick-meta":"","header-main-stick-meta":"","header-below-stick-meta":"","astra-migrate-meta-layouts":"set","ast-page-background-enabled":"default","ast-page-background-meta":{"desktop":{"background-color":"var(--ast-global-color-4)","background-image":"","background-repeat":"repeat","background-position":"center center","background-size":"auto","background-attachment":"scroll","background-type":"","background-media":"","overlay-type":"","overlay-color":"","overlay-opacity":"","overlay-gradient":""},"tablet":{"background-color":"","background-image":"","background-repeat":"repeat","background-position":"center center","background-size":"auto","background-attachment":"scroll","background-type":"","background-media":"","overlay-type":"","overlay-color":"","overlay-opacity":"","overlay-gradient":""},"mobile":{"background-color":"","background-image":"","background-repeat":"repeat","background-position":"center center","background-size":"auto","background-attachment":"scroll","background-type":"","background-media":"","overlay-type":"","overlay-color":"","overlay-opacity":"","overlay-gradient":""}},"ast-content-background-meta":{"desktop":{"background-color":"var(--ast-global-color-5)","background-image":"","background-repeat":"repeat","background-position":"center center","background-size":"auto","background-attachment":"scroll","background-type":"","background-media":"","overlay-type":"","overlay-color":"","overlay-opacity":"","overlay-gradient":""},"tablet":{"background-color":"var(--ast-global-color-5)","background-image":"","background-repeat":"repeat","background-position":"center center","background-size":"auto","background-attachment":"scroll","background-type":"","background-media":"","overlay-type":"","overlay-color":"","overlay-opacity":"","overlay-gradient":""},"mobile":{"background-color":"var(--ast-global-color-5)","background-image":"","background-repeat":"repeat","background-position":"center center","background-size":"auto","background-attachment":"scroll","background-type":"","background-media":"","overlay-type":"","overlay-color":"","overlay-opacity":"","overlay-gradient":""}}},"event_cat":[38,50],"class_list":["post-1578","event","type-event","status-publish","has-post-thumbnail","hentry","event_cat-demonstration","event_cat-mobilitaet"],"_links":{"self":[{"href":"https:\/\/www.klimainitiative-windeck.de\/index.php\/wp-json\/wp\/v2\/event\/1578","targetHints":{"allow":["GET"]}}],"collection":[{"href":"https:\/\/www.klimainitiative-windeck.de\/index.php\/wp-json\/wp\/v2\/event"}],"about":[{"href":"https:\/\/www.klimainitiative-windeck.de\/index.php\/wp-json\/wp\/v2\/types\/event"}],"author":[{"embeddable":true,"href":"https:\/\/www.klimainitiative-windeck.de\/index.php\/wp-json\/wp\/v2\/users\/1"}],"wp:featuredmedia":[{"embeddable":true,"href":"https:\/\/www.klimainitiative-windeck.de\/index.php\/wp-json\/wp\/v2\/media\/350"}],"wp:attachment":[{"href":"https:\/\/www.klimainitiative-windeck.de\/index.php\/wp-json\/wp\/v2\/media?parent=1578"}],"wp:term":[{"taxonomy":"event_cat","embeddable":true,"href":"https:\/\/www.klimainitiative-windeck.de\/index.php\/wp-json\/wp\/v2\/event_cat?post=1578"}],"curies":[{"name":"wp","href":"https:\/\/api.w.org\/{rel}","templated":true}]}}

<p>„Wo ist unser Radweg?“ &#8211; diese Frage stellen sich die Radfahrenden in Windeck schon immer. Dabei ist die Antwort ebenso einfach wie unbefriedigend: es gibt keine Radwege in Windeck!</p>



<p>Der oft als solcher beschriebene „Sieg-Unterhaltungsweg“ ist seit Jahren zwischen Dattenfeld und Dreisel (offiziell) gesperrt. Wir hören immer, die zuständigen Stellen seien in „guten Gesprächen“ &#8211; es wird Zeit für gute Ergebnisse!<br>Entlang der verkehrsreichen Hauptstraßen gibt es lediglich die konkrete Planung für ein Teilstück eines Rad-/Fußweges entlang der B256 zwischen Rosbach und Au. Die Umsetzung stockt jedoch immer wieder.<br>Ansonsten? Fehlanzeige auf der Siegtalstraße (L333) inner- und außerorts, ebenso wie auf den Wegen nach Waldbröl, Ruppichteroth, Hamm/Sieg, Leuscheid/Weyerbusch&#8230;</p>



<p>Angesichts dieser Ausgangslage ist es kein Wunder, dass so wenige Menschen in Windeck das Fahrrad häufiger für alltägliche Wege benutzen – es ist vielen einfach zu gefährlich. Dabei eröffnet gerade der Pedelec-Boom der letzten Jahre dem Radverkehr auch in hügeligen ländlichen Gebieten neue Möglichkeiten.</p>



<p>Als ADFC Obere Sieg, VCD und KlimaIniative Windeck sehen wir neben der Kritik an den bestehenden Verhältnissen unsere Aufgabe natürlich auch darin, die Menschen trotz aller Widrigkeiten zu verstärkter Fahrradnutzung zu motivieren, besonders bei den alltäglichen Wegen. Denn es liegt auch in unserer Hand: der Alltagsradverkehr muss in Windeck deutlich sichtbarer werden! Den Nutzen haben wir alle: Gesundheit, weniger Lärm, mehr Platz, bessere Luft, weniger Klimabelastung&#8230;</p>



<p>Deshalb rufen wir alle Bürger*innen, Große wie Kleine, auf, am 18. April um 10 Uhr in Rosbach auf dem Parkplatz neben dem Bürgerbüro (Rathausstr. 16) laut und zahlreich für eine bessere Fahrrad-Infrastruktur zu demonstrieren.</p>



<p>Lasst uns unseren Platz auf den Straßen und Wegen einfordern, damit sich alle Menschen gefahrlos im öffentlichen Raum bewegen können und das Klima geschützt wird!</p>



<p>Der Demonstrationsweg geht von Rosbach nach Altwindeck und Dattenfeld und zurück. Die Polizei wird uns begleiten.</p>



<p class="has-text-align-right"><em>Text: Dieter Zerbin</em></p>



<p></p>
