{"id":343,"date":"2022-05-07T22:45:04","date_gmt":"2022-05-07T20:45:04","guid":{"rendered":"https:\/\/www.klimainitiative-windeck.de\/?post_type=event&#038;p=343"},"modified":"2022-09-09T09:07:09","modified_gmt":"2022-09-09T07:07:09","slug":"verkehrswende-demo","status":"publish","type":"event","link":"https:\/\/www.klimainitiative-windeck.de\/index.php\/event\/verkehrswende-demo\/","title":{"rendered":"Verkehrswende-Demo"},"content":{"rendered":"\n<p>Eine Woche vor der NRW-Wahl, findet in D\u00fcsseldorf eine landesweite Gro\u00dfdemo statt, zu der u.a. auch der ADFC aufruft. Wir von der Oberen Sieg k\u00f6nnen uns per Rad einem Zubringerzug aus Bonn anschlie\u00dfen, diesen um 9 Uhr in Porz am Rathaus treffen und anschlie\u00dfend mit einer hoffentlich sehr gro\u00dfe Gruppe in die Landeshauptstadt radeln. Die Anreise nach Porz kann (sollte?) mit der Bahn geschehen, z.B. RE9 7.49 Uhr ab Schladern.<\/p>\n\n\n\n<p>Bei Fragen Mail an dieter.zerbin@adfc-bonn.de<\/p>\n","protected":false},"author":1,"featured_media":0,"menu_order":1,"template":"","meta":{"site-sidebar-layout":"default","site-content-layout":"","ast-site-content-layout":"default","site-content-style":"default","site-sidebar-style":"default","ast-global-header-display":"","ast-banner-title-visibility":"","ast-main-header-display":"","ast-hfb-above-header-display":"","ast-hfb-below-header-display":"","ast-hfb-mobile-header-display":"","site-post-title":"","ast-breadcrumbs-content":"","ast-featured-img":"","footer-sml-layout":"","ast-disable-related-posts":"","theme-transparent-header-meta":"","adv-header-id-meta":"","stick-header-meta":"","header-above-stick-meta":"","header-main-stick-meta":"","header-below-stick-meta":"","astra-migrate-meta-layouts":"default","ast-page-background-enabled":"default","ast-page-background-meta":{"desktop":{"background-color":"var(--ast-global-color-4)","background-image":"","background-repeat":"repeat","background-position":"center center","background-size":"auto","background-attachment":"scroll","background-type":"","background-media":"","overlay-type":"","overlay-color":"","overlay-opacity":"","overlay-gradient":""},"tablet":{"background-color":"","background-image":"","background-repeat":"repeat","background-position":"center center","background-size":"auto","background-attachment":"scroll","background-type":"","background-media":"","overlay-type":"","overlay-color":"","overlay-opacity":"","overlay-gradient":""},"mobile":{"background-color":"","background-image":"","background-repeat":"repeat","background-position":"center center","background-size":"auto","background-attachment":"scroll","background-type":"","background-media":"","overlay-type":"","overlay-color":"","overlay-opacity":"","overlay-gradient":""}},"ast-content-background-meta":{"desktop":{"background-color":"var(--ast-global-color-5)","background-image":"","background-repeat":"repeat","background-position":"center center","background-size":"auto","background-attachment":"scroll","background-type":"","background-media":"","overlay-type":"","overlay-color":"","overlay-opacity":"","overlay-gradient":""},"tablet":{"background-color":"var(--ast-global-color-5)","background-image":"","background-repeat":"repeat","background-position":"center center","background-size":"auto","background-attachment":"scroll","background-type":"","background-media":"","overlay-type":"","overlay-color":"","overlay-opacity":"","overlay-gradient":""},"mobile":{"background-color":"var(--ast-global-color-5)","background-image":"","background-repeat":"repeat","background-position":"center center","background-size":"auto","background-attachment":"scroll","background-type":"","background-media":"","overlay-type":"","overlay-color":"","overlay-opacity":"","overlay-gradient":""}}},"event_cat":[38,50],"class_list":["post-343","event","type-event","status-publish","hentry","event_cat-demonstration","event_cat-mobilitaet"],"_links":{"self":[{"href":"https:\/\/www.klimainitiative-windeck.de\/index.php\/wp-json\/wp\/v2\/event\/343","targetHints":{"allow":["GET"]}}],"collection":[{"href":"https:\/\/www.klimainitiative-windeck.de\/index.php\/wp-json\/wp\/v2\/event"}],"about":[{"href":"https:\/\/www.klimainitiative-windeck.de\/index.php\/wp-json\/wp\/v2\/types\/event"}],"author":[{"embeddable":true,"href":"https:\/\/www.klimainitiative-windeck.de\/index.php\/wp-json\/wp\/v2\/users\/1"}],"wp:attachment":[{"href":"https:\/\/www.klimainitiative-windeck.de\/index.php\/wp-json\/wp\/v2\/media?parent=343"}],"wp:term":[{"taxonomy":"event_cat","embeddable":true,"href":"https:\/\/www.klimainitiative-windeck.de\/index.php\/wp-json\/wp\/v2\/event_cat?post=343"}],"curies":[{"name":"wp","href":"https:\/\/api.w.org\/{rel}","templated":true}]}}

<p>Eine Woche vor der NRW-Wahl, findet in Düsseldorf eine landesweite Großdemo statt, zu der u.a. auch der ADFC aufruft. Wir von der Oberen Sieg können uns per Rad einem Zubringerzug aus Bonn anschließen, diesen um 9 Uhr in Porz am Rathaus treffen und anschließend mit einer hoffentlich sehr große Gruppe in die Landeshauptstadt radeln. Die Anreise nach Porz kann (sollte?) mit der Bahn geschehen, z.B. RE9 7.49 Uhr ab Schladern.</p>



<p>Bei Fragen Mail an dieter.zerbin@adfc-bonn.de</p>
