{"id":885,"date":"2023-01-22T16:25:54","date_gmt":"2023-01-22T15:25:54","guid":{"rendered":"https:\/\/www.klimainitiative-windeck.de\/?post_type=event&#038;p=885"},"modified":"2023-03-01T15:12:34","modified_gmt":"2023-03-01T14:12:34","slug":"vortrag-workshop-wasser","status":"publish","type":"event","link":"https:\/\/www.klimainitiative-windeck.de\/index.php\/event\/vortrag-workshop-wasser\/","title":{"rendered":"Vortrag\/Workshop zum Thema &#8222;Nutzung und Schutz von S\u00fc\u00dfwasserressourcen&#8220;"},"content":{"rendered":"\n<p>Die Menge an S\u00fc\u00dfwasser, die den Menschen zur Verf\u00fcgung steht, ist begrenzt und wird in Folge des fortschreitenden Klimawandels weiter abnehmen. Eine umsichtige Nutzung dieser wertvollen Ressource durch alle Interessensgruppen ist deswegen Dreh- und Angelpunkt einer nachhaltigen Gew\u00e4sserpolitik.<\/p>\n\n\n\n<p>Referent Dr. Ruben van Treek, Biologe, wissenschaftlicher Mitarbeiter bei WWF Deutschland.<\/p>\n\n\n\n<p>Anmeldung aus organisatorischen Gr\u00fcnden erw\u00fcnscht unter <a href=\"mailto:wasser@klimainitiative-windeck.de\">wasser@klimainitiative-windeck.de<\/a><\/p>\n\n\n\n<p>Die Teilnahme ist kostenfrei, Spenden m\u00f6glich!<\/p>\n\n\n\n<p>Diese Veranstaltung ist Teil unserer <a href=\"https:\/\/www.klimainitiative-windeck.de\/index.php\/2023\/01\/22\/am-22-maerz-ist-der-tag-des-wassers-unsere-aktionen\/\">Aktionen zum Tag des Wassers<\/a> am 22. M\u00e4rz 2023.<\/p>\n","protected":false},"author":1,"featured_media":0,"menu_order":0,"template":"","meta":{"site-sidebar-layout":"default","site-content-layout":"","ast-site-content-layout":"default","site-content-style":"default","site-sidebar-style":"default","ast-global-header-display":"","ast-banner-title-visibility":"","ast-main-header-display":"","ast-hfb-above-header-display":"","ast-hfb-below-header-display":"","ast-hfb-mobile-header-display":"","site-post-title":"","ast-breadcrumbs-content":"","ast-featured-img":"","footer-sml-layout":"","ast-disable-related-posts":"","theme-transparent-header-meta":"","adv-header-id-meta":"","stick-header-meta":"","header-above-stick-meta":"","header-main-stick-meta":"","header-below-stick-meta":"","astra-migrate-meta-layouts":"default","ast-page-background-enabled":"default","ast-page-background-meta":{"desktop":{"background-color":"var(--ast-global-color-4)","background-image":"","background-repeat":"repeat","background-position":"center center","background-size":"auto","background-attachment":"scroll","background-type":"","background-media":"","overlay-type":"","overlay-color":"","overlay-opacity":"","overlay-gradient":""},"tablet":{"background-color":"","background-image":"","background-repeat":"repeat","background-position":"center center","background-size":"auto","background-attachment":"scroll","background-type":"","background-media":"","overlay-type":"","overlay-color":"","overlay-opacity":"","overlay-gradient":""},"mobile":{"background-color":"","background-image":"","background-repeat":"repeat","background-position":"center center","background-size":"auto","background-attachment":"scroll","background-type":"","background-media":"","overlay-type":"","overlay-color":"","overlay-opacity":"","overlay-gradient":""}},"ast-content-background-meta":{"desktop":{"background-color":"var(--ast-global-color-5)","background-image":"","background-repeat":"repeat","background-position":"center center","background-size":"auto","background-attachment":"scroll","background-type":"","background-media":"","overlay-type":"","overlay-color":"","overlay-opacity":"","overlay-gradient":""},"tablet":{"background-color":"var(--ast-global-color-5)","background-image":"","background-repeat":"repeat","background-position":"center center","background-size":"auto","background-attachment":"scroll","background-type":"","background-media":"","overlay-type":"","overlay-color":"","overlay-opacity":"","overlay-gradient":""},"mobile":{"background-color":"var(--ast-global-color-5)","background-image":"","background-repeat":"repeat","background-position":"center center","background-size":"auto","background-attachment":"scroll","background-type":"","background-media":"","overlay-type":"","overlay-color":"","overlay-opacity":"","overlay-gradient":""}}},"event_cat":[52,57],"class_list":["post-885","event","type-event","status-publish","hentry","event_cat-sonstige-veranstaltung","event_cat-wasser"],"_links":{"self":[{"href":"https:\/\/www.klimainitiative-windeck.de\/index.php\/wp-json\/wp\/v2\/event\/885","targetHints":{"allow":["GET"]}}],"collection":[{"href":"https:\/\/www.klimainitiative-windeck.de\/index.php\/wp-json\/wp\/v2\/event"}],"about":[{"href":"https:\/\/www.klimainitiative-windeck.de\/index.php\/wp-json\/wp\/v2\/types\/event"}],"author":[{"embeddable":true,"href":"https:\/\/www.klimainitiative-windeck.de\/index.php\/wp-json\/wp\/v2\/users\/1"}],"wp:attachment":[{"href":"https:\/\/www.klimainitiative-windeck.de\/index.php\/wp-json\/wp\/v2\/media?parent=885"}],"wp:term":[{"taxonomy":"event_cat","embeddable":true,"href":"https:\/\/www.klimainitiative-windeck.de\/index.php\/wp-json\/wp\/v2\/event_cat?post=885"}],"curies":[{"name":"wp","href":"https:\/\/api.w.org\/{rel}","templated":true}]}}

Vortrag/Workshop zum Thema &#8222;Nutzung und Schutz von Süßwasserressourcen&#8220;

<p>Die Menge an Süßwasser, die den Menschen zur Verfügung steht, ist begrenzt und wird in Folge des fortschreitenden Klimawandels weiter abnehmen. Eine umsichtige Nutzung dieser wertvollen Ressource durch alle Interessensgruppen ist deswegen Dreh- und Angelpunkt einer nachhaltigen Gewässerpolitik.</p>



<p>Referent Dr. Ruben van Treek, Biologe, wissenschaftlicher Mitarbeiter bei WWF Deutschland.</p>



<p>Anmeldung aus organisatorischen Gründen erwünscht unter <a href="mailto:wasser@klimainitiative-windeck.de">wasser@klimainitiative-windeck.de</a></p>



<p>Die Teilnahme ist kostenfrei, Spenden möglich!</p>



<p>Diese Veranstaltung ist Teil unserer <a href="https://www.klimainitiative-windeck.de/index.php/2023/01/22/am-22-maerz-ist-der-tag-des-wassers-unsere-aktionen/">Aktionen zum Tag des Wassers</a> am 22. März 2023.</p>
