{"id":979,"date":"2023-03-25T10:06:56","date_gmt":"2023-03-25T09:06:56","guid":{"rendered":"https:\/\/www.klimainitiative-windeck.de\/?post_type=event&#038;p=979"},"modified":"2023-03-25T10:09:53","modified_gmt":"2023-03-25T09:09:53","slug":"979","status":"publish","type":"event","link":"https:\/\/www.klimainitiative-windeck.de\/index.php\/event\/979\/","title":{"rendered":"Fahrraddemo \u201eWo ist unser Radweg?&#8220;"},"content":{"rendered":"\n<p>Die KlimaInitiative Windeck und die ADFC-Ortsgruppe Obere Sieg laden zu einer Fahrrad-Demonstration in Windeck ein. <\/p>\n\n\n\n<p>Die Versammlung ist bei der Kreispolizeibeh\u00f6rde in Siegburg angemeldet und genehmigt unter dem Motto \u201eWo ist unser Radweg? Mehr Sicherheit f\u00fcr Radfahrende!\u201c<\/p>\n\n\n\n<p>Treffpunkt ist in Rosbach auf dem Parkplatz am B\u00fcrgerb\u00fcro in der Rathausstra\u00dfe 16. Wir fahren wie im Vorjahr auf der \u00fcber Eulenbruch, Gansau und Imhausen zum Bahnhof nach Au.<\/p>\n\n\n\n<p>Unterwegs werden wir den Verlauf der Bundesstra\u00dfe in der Ortslage Eulenbruch verlassen und dem Verlauf des geplanten Radwegs von Rosbach bis Gansau folgen, bis wir am Ortsausgang wieder auf die B256 gelangen.<\/p>\n\n\n\n<p>Den Verlauf des geplanten Abschnitts von Rosbach bis Gansau werden wir zu Beginn der Kundgebung am Startort kurz beschreiben und die Teilnehmenden bei einer kurzen Pause in Au um Meinungs\u00e4u\u00dferungen dazu bitten.<\/p>\n\n\n\n<p>Die B256 war schon immer ein Musterbeispiel f\u00fcr die Probleme des Radverkehrs abseits des Siegwegs in Windeck: es gibt keinen Radweg, Autos d\u00fcrfen teilweise bis 100km\/h fahren, Radfahrende werden immer wieder mit viel zu geringem \u201eSicherheits\u201cabstand \u00fcberholt, wer trotzdem das Rad benutzt (benutzen muss), f\u00e4hrt auf dem schmalen Fu\u00dfweg auf der Hangseite, ein Radweg wird seit Jahrzehnten gefordert. Nun scheint endlich ein wenig Bewegung in die Sache zu kommen \u2013 der erste Teilabschnitt bis Gansau ist geplant und auch trotz der naturschutzrechtlichen Bedenken des BUND genehmigt worden.  <\/p>\n\n\n\n<p>Bis zur Fertigstellung des Weges werden jedoch noch einige Jahre ins Land ziehen. Wie es danach bis Au weitergehen soll, wei\u00df bisher offenbar noch niemand. Es ist allerdings kaum zu erwarten, dass der weitere Streckenverlauf weniger problematisch zu planen sein wird als der erste&#8230; <\/p>\n\n\n\n<p>Wir glauben, dass es notwendig ist, immer wieder \u00f6ffentlich auf die fehlende Fahrrad-Infrastruktur vor unserer Haust\u00fcr  hinzuweisen. Wer mehr umwelt- und klimafreundliche Mobilit\u00e4t \u2013 besonders im Alltag &#8211; will, muss Angebote daf\u00fcr bereitstellen. Unsere Aufgabe als Klima-und Fahrradlobby ist es nat\u00fcrlich auch, die Menschen zur  Fahrradnutzung bei den allt\u00e4glichen Wegen zur Arbeit, zur Schule, zum Einkaufen&#8230; zu motivieren und zu zeigen: Schaut her, es geht! Es tut gut und es macht sogar Spa\u00df!<\/p>\n\n\n\n<p>Sichtbarkeit des Radverkehrs auf den Stra\u00dfen und vor den Superm\u00e4rkten, den Schulen&#8230; ist der beste Weg unseren Forderungen Nachdruck zu verleihen und die viel beschworene Mobilit\u00e4tswende mit mehr Fu\u00df- und Radverkehr und \u00d6PNV-Nutzung herbeizuf\u00fchren.<\/p>\n\n\n\n<p class=\"has-text-align-right\"><em>Text: Dieter Zerbin<\/em> <\/p>\n","protected":false},"author":1,"featured_media":350,"menu_order":0,"template":"","meta":{"site-sidebar-layout":"default","site-content-layout":"","ast-site-content-layout":"default","site-content-style":"default","site-sidebar-style":"default","ast-global-header-display":"","ast-banner-title-visibility":"","ast-main-header-display":"","ast-hfb-above-header-display":"","ast-hfb-below-header-display":"","ast-hfb-mobile-header-display":"","site-post-title":"","ast-breadcrumbs-content":"","ast-featured-img":"","footer-sml-layout":"","ast-disable-related-posts":"","theme-transparent-header-meta":"","adv-header-id-meta":"","stick-header-meta":"","header-above-stick-meta":"","header-main-stick-meta":"","header-below-stick-meta":"","astra-migrate-meta-layouts":"default","ast-page-background-enabled":"default","ast-page-background-meta":{"desktop":{"background-color":"var(--ast-global-color-4)","background-image":"","background-repeat":"repeat","background-position":"center center","background-size":"auto","background-attachment":"scroll","background-type":"","background-media":"","overlay-type":"","overlay-color":"","overlay-opacity":"","overlay-gradient":""},"tablet":{"background-color":"","background-image":"","background-repeat":"repeat","background-position":"center center","background-size":"auto","background-attachment":"scroll","background-type":"","background-media":"","overlay-type":"","overlay-color":"","overlay-opacity":"","overlay-gradient":""},"mobile":{"background-color":"","background-image":"","background-repeat":"repeat","background-position":"center center","background-size":"auto","background-attachment":"scroll","background-type":"","background-media":"","overlay-type":"","overlay-color":"","overlay-opacity":"","overlay-gradient":""}},"ast-content-background-meta":{"desktop":{"background-color":"var(--ast-global-color-5)","background-image":"","background-repeat":"repeat","background-position":"center center","background-size":"auto","background-attachment":"scroll","background-type":"","background-media":"","overlay-type":"","overlay-color":"","overlay-opacity":"","overlay-gradient":""},"tablet":{"background-color":"var(--ast-global-color-5)","background-image":"","background-repeat":"repeat","background-position":"center center","background-size":"auto","background-attachment":"scroll","background-type":"","background-media":"","overlay-type":"","overlay-color":"","overlay-opacity":"","overlay-gradient":""},"mobile":{"background-color":"var(--ast-global-color-5)","background-image":"","background-repeat":"repeat","background-position":"center center","background-size":"auto","background-attachment":"scroll","background-type":"","background-media":"","overlay-type":"","overlay-color":"","overlay-opacity":"","overlay-gradient":""}}},"event_cat":[38,50],"class_list":["post-979","event","type-event","status-publish","has-post-thumbnail","hentry","event_cat-demonstration","event_cat-mobilitaet"],"_links":{"self":[{"href":"https:\/\/www.klimainitiative-windeck.de\/index.php\/wp-json\/wp\/v2\/event\/979","targetHints":{"allow":["GET"]}}],"collection":[{"href":"https:\/\/www.klimainitiative-windeck.de\/index.php\/wp-json\/wp\/v2\/event"}],"about":[{"href":"https:\/\/www.klimainitiative-windeck.de\/index.php\/wp-json\/wp\/v2\/types\/event"}],"author":[{"embeddable":true,"href":"https:\/\/www.klimainitiative-windeck.de\/index.php\/wp-json\/wp\/v2\/users\/1"}],"wp:featuredmedia":[{"embeddable":true,"href":"https:\/\/www.klimainitiative-windeck.de\/index.php\/wp-json\/wp\/v2\/media\/350"}],"wp:attachment":[{"href":"https:\/\/www.klimainitiative-windeck.de\/index.php\/wp-json\/wp\/v2\/media?parent=979"}],"wp:term":[{"taxonomy":"event_cat","embeddable":true,"href":"https:\/\/www.klimainitiative-windeck.de\/index.php\/wp-json\/wp\/v2\/event_cat?post=979"}],"curies":[{"name":"wp","href":"https:\/\/api.w.org\/{rel}","templated":true}]}}

<p>Die KlimaInitiative Windeck und die ADFC-Ortsgruppe Obere Sieg laden zu einer Fahrrad-Demonstration in Windeck ein. </p>



<p>Die Versammlung ist bei der Kreispolizeibehörde in Siegburg angemeldet und genehmigt unter dem Motto „Wo ist unser Radweg? Mehr Sicherheit für Radfahrende!“</p>



<p>Treffpunkt ist in Rosbach auf dem Parkplatz am Bürgerbüro in der Rathausstraße 16. Wir fahren wie im Vorjahr auf der über Eulenbruch, Gansau und Imhausen zum Bahnhof nach Au.</p>



<p>Unterwegs werden wir den Verlauf der Bundesstraße in der Ortslage Eulenbruch verlassen und dem Verlauf des geplanten Radwegs von Rosbach bis Gansau folgen, bis wir am Ortsausgang wieder auf die B256 gelangen.</p>



<p>Den Verlauf des geplanten Abschnitts von Rosbach bis Gansau werden wir zu Beginn der Kundgebung am Startort kurz beschreiben und die Teilnehmenden bei einer kurzen Pause in Au um Meinungsäußerungen dazu bitten.</p>



<p>Die B256 war schon immer ein Musterbeispiel für die Probleme des Radverkehrs abseits des Siegwegs in Windeck: es gibt keinen Radweg, Autos dürfen teilweise bis 100km/h fahren, Radfahrende werden immer wieder mit viel zu geringem „Sicherheits“abstand überholt, wer trotzdem das Rad benutzt (benutzen muss), fährt auf dem schmalen Fußweg auf der Hangseite, ein Radweg wird seit Jahrzehnten gefordert. Nun scheint endlich ein wenig Bewegung in die Sache zu kommen – der erste Teilabschnitt bis Gansau ist geplant und auch trotz der naturschutzrechtlichen Bedenken des BUND genehmigt worden.  </p>



<p>Bis zur Fertigstellung des Weges werden jedoch noch einige Jahre ins Land ziehen. Wie es danach bis Au weitergehen soll, weiß bisher offenbar noch niemand. Es ist allerdings kaum zu erwarten, dass der weitere Streckenverlauf weniger problematisch zu planen sein wird als der erste&#8230; </p>



<p>Wir glauben, dass es notwendig ist, immer wieder öffentlich auf die fehlende Fahrrad-Infrastruktur vor unserer Haustür  hinzuweisen. Wer mehr umwelt- und klimafreundliche Mobilität – besonders im Alltag &#8211; will, muss Angebote dafür bereitstellen. Unsere Aufgabe als Klima-und Fahrradlobby ist es natürlich auch, die Menschen zur  Fahrradnutzung bei den alltäglichen Wegen zur Arbeit, zur Schule, zum Einkaufen&#8230; zu motivieren und zu zeigen: Schaut her, es geht! Es tut gut und es macht sogar Spaß!</p>



<p>Sichtbarkeit des Radverkehrs auf den Straßen und vor den Supermärkten, den Schulen&#8230; ist der beste Weg unseren Forderungen Nachdruck zu verleihen und die viel beschworene Mobilitätswende mit mehr Fuß- und Radverkehr und ÖPNV-Nutzung herbeizuführen.</p>



<p class="has-text-align-right"><em>Text: Dieter Zerbin</em> </p>
