{"id":982,"date":"2024-05-21T08:17:57","date_gmt":"2024-05-21T06:17:57","guid":{"rendered":"https:\/\/www.klimainitiative-windeck.de\/?post_type=event&#038;p=982"},"modified":"2024-05-21T08:17:59","modified_gmt":"2024-05-21T06:17:59","slug":"klimastammtisch-im-juni-2","status":"publish","type":"event","link":"https:\/\/www.klimainitiative-windeck.de\/index.php\/event\/klimastammtisch-im-juni-2\/","title":{"rendered":"Klimastammtisch im Juni"},"content":{"rendered":"\n<p>Wir treffen uns in der Regel jeden ersten Dienstag im Monat zum Besprechen und Planen von gemeinsamen Aktionen. Die Tagesordnung wird in der Regel vorher per E-Mail verschickt.<br>Interessierte sind jederzeit herzlich willkommen.<\/p>\n\n\n\n<p>Wir k\u00f6nnen ab 19 Uhr in den Raum. Mit der Tagesordnung wird dann in der Regel zwischen 19:15 und 19:30 Uhr begonnen.<\/p>\n\n\n\n<p>Das B\u00fcZe kann auch bequem per Bus erreicht werden: Linie 546 bis &#8222;Im \u00dcnken&#8220; oder Linie 547 bis &#8222;L\u00fctz Eck&#8220;, von dort sind es jeweils nur wenige hundert Meter zu fu\u00df.<\/p>\n\n\n<figure class=\"wp-block-post-featured-image\"><img loading=\"lazy\" decoding=\"async\" width=\"512\" height=\"512\" src=\"https:\/\/www.klimainitiative-windeck.de\/wp-content\/uploads\/2022\/10\/index3.jpg\" class=\"attachment-post-thumbnail size-post-thumbnail wp-post-image\" alt=\"\" style=\"object-fit:cover;\" srcset=\"https:\/\/www.klimainitiative-windeck.de\/wp-content\/uploads\/2022\/10\/index3.jpg 512w, https:\/\/www.klimainitiative-windeck.de\/wp-content\/uploads\/2022\/10\/index3-300x300.jpg 300w, https:\/\/www.klimainitiative-windeck.de\/wp-content\/uploads\/2022\/10\/index3-150x150.jpg 150w\" sizes=\"auto, (max-width: 512px) 100vw, 512px\" \/><\/figure>","protected":false},"author":1,"featured_media":823,"menu_order":0,"template":"","meta":{"site-sidebar-layout":"default","site-content-layout":"","ast-site-content-layout":"default","site-content-style":"default","site-sidebar-style":"default","ast-global-header-display":"","ast-banner-title-visibility":"","ast-main-header-display":"","ast-hfb-above-header-display":"","ast-hfb-below-header-display":"","ast-hfb-mobile-header-display":"","site-post-title":"","ast-breadcrumbs-content":"","ast-featured-img":"disabled","footer-sml-layout":"","ast-disable-related-posts":"","theme-transparent-header-meta":"","adv-header-id-meta":"","stick-header-meta":"","header-above-stick-meta":"","header-main-stick-meta":"","header-below-stick-meta":"","astra-migrate-meta-layouts":"set","ast-page-background-enabled":"default","ast-page-background-meta":{"desktop":{"background-color":"var(--ast-global-color-4)","background-image":"","background-repeat":"repeat","background-position":"center center","background-size":"auto","background-attachment":"scroll","background-type":"","background-media":"","overlay-type":"","overlay-color":"","overlay-opacity":"","overlay-gradient":""},"tablet":{"background-color":"","background-image":"","background-repeat":"repeat","background-position":"center center","background-size":"auto","background-attachment":"scroll","background-type":"","background-media":"","overlay-type":"","overlay-color":"","overlay-opacity":"","overlay-gradient":""},"mobile":{"background-color":"","background-image":"","background-repeat":"repeat","background-position":"center center","background-size":"auto","background-attachment":"scroll","background-type":"","background-media":"","overlay-type":"","overlay-color":"","overlay-opacity":"","overlay-gradient":""}},"ast-content-background-meta":{"desktop":{"background-color":"var(--ast-global-color-5)","background-image":"","background-repeat":"repeat","background-position":"center center","background-size":"auto","background-attachment":"scroll","background-type":"","background-media":"","overlay-type":"","overlay-color":"","overlay-opacity":"","overlay-gradient":""},"tablet":{"background-color":"var(--ast-global-color-5)","background-image":"","background-repeat":"repeat","background-position":"center center","background-size":"auto","background-attachment":"scroll","background-type":"","background-media":"","overlay-type":"","overlay-color":"","overlay-opacity":"","overlay-gradient":""},"mobile":{"background-color":"var(--ast-global-color-5)","background-image":"","background-repeat":"repeat","background-position":"center center","background-size":"auto","background-attachment":"scroll","background-type":"","background-media":"","overlay-type":"","overlay-color":"","overlay-opacity":"","overlay-gradient":""}}},"event_cat":[37],"class_list":["post-982","event","type-event","status-publish","has-post-thumbnail","hentry","event_cat-klimastammtisch"],"_links":{"self":[{"href":"https:\/\/www.klimainitiative-windeck.de\/index.php\/wp-json\/wp\/v2\/event\/982","targetHints":{"allow":["GET"]}}],"collection":[{"href":"https:\/\/www.klimainitiative-windeck.de\/index.php\/wp-json\/wp\/v2\/event"}],"about":[{"href":"https:\/\/www.klimainitiative-windeck.de\/index.php\/wp-json\/wp\/v2\/types\/event"}],"author":[{"embeddable":true,"href":"https:\/\/www.klimainitiative-windeck.de\/index.php\/wp-json\/wp\/v2\/users\/1"}],"wp:featuredmedia":[{"embeddable":true,"href":"https:\/\/www.klimainitiative-windeck.de\/index.php\/wp-json\/wp\/v2\/media\/823"}],"wp:attachment":[{"href":"https:\/\/www.klimainitiative-windeck.de\/index.php\/wp-json\/wp\/v2\/media?parent=982"}],"wp:term":[{"taxonomy":"event_cat","embeddable":true,"href":"https:\/\/www.klimainitiative-windeck.de\/index.php\/wp-json\/wp\/v2\/event_cat?post=982"}],"curies":[{"name":"wp","href":"https:\/\/api.w.org\/{rel}","templated":true}]}}

<p>Wir treffen uns in der Regel jeden ersten Dienstag im Monat zum Besprechen und Planen von gemeinsamen Aktionen. Die Tagesordnung wird in der Regel vorher per E-Mail verschickt.<br>Interessierte sind jederzeit herzlich willkommen.</p>



<p>Wir können ab 19 Uhr in den Raum. Mit der Tagesordnung wird dann in der Regel zwischen 19:15 und 19:30 Uhr begonnen.</p>



<p>Das BüZe kann auch bequem per Bus erreicht werden: Linie 546 bis &#8222;Im Ünken&#8220; oder Linie 547 bis &#8222;Lütz Eck&#8220;, von dort sind es jeweils nur wenige hundert Meter zu fuß.</p>


<figure class="wp-block-post-featured-image"><img loading="lazy" decoding="async" width="512" height="512" src="https://www.klimainitiative-windeck.de/wp-content/uploads/2022/10/index3.jpg" class="attachment-post-thumbnail size-post-thumbnail wp-post-image" alt="" style="object-fit:cover;" srcset="https://www.klimainitiative-windeck.de/wp-content/uploads/2022/10/index3.jpg 512w, https://www.klimainitiative-windeck.de/wp-content/uploads/2022/10/index3-300x300.jpg 300w, https://www.klimainitiative-windeck.de/wp-content/uploads/2022/10/index3-150x150.jpg 150w" sizes="auto, (max-width: 512px) 100vw, 512px" /></figure>
