{"id":1159,"date":"2023-06-26T15:47:03","date_gmt":"2023-06-26T13:47:03","guid":{"rendered":"https:\/\/www.klimainitiative-windeck.de\/?page_id=1159"},"modified":"2025-11-02T19:12:05","modified_gmt":"2025-11-02T18:12:05","slug":"mobilitaetswoche","status":"publish","type":"page","link":"https:\/\/www.klimainitiative-windeck.de\/index.php\/projekte\/mobilitaetswoche\/","title":{"rendered":"Mobilit\u00e4tswoche \/ Nachhaltigkeitstage"},"content":{"rendered":"\n<p>In den Jahren 2021 bis 2023 beteiligten wir uns an der <a href=\"https:\/\/www.umweltbundesamt.de\/europaeische-mobilitaetswoche\" data-type=\"URL\" data-id=\"https:\/\/www.umweltbundesamt.de\/europaeische-mobilitaetswoche\">europ\u00e4ischen Mobilit\u00e4tswoche<\/a> mit verschiedenen Aktionen zur F\u00f6rderung von nachhaltiger und klimafreundlicher Mobilit\u00e4t.<\/p>\n\n\n\n<p>Seit 2024 stellen wir unsere Veranstaltungen f\u00fcr eine nachhaltigere Mobilit\u00e4t in den Rahmen der Deutschen Aktionstage Nachhaltigkeit. Dadurch vergr\u00f6\u00dfern wir das Themenspektrum und bieten eine noch gr\u00f6\u00dfere Vielfalt an Veranstaltungen im Rahmen der Aktionstage.<\/p>\n\n\n\n<h2 class=\"wp-block-heading\">Geplante Veranstaltungen<\/h2>\n\n\n<div id=\"vsel\" class=\"vsel-shortcode vsel-shortcode-upcoming-events\"><p class=\"vsel-no-events\">Aktuell stehen noch keine Veranstaltungen f\u00fcr die n\u00e4chste Aktionstage fest, wir arbeiten aber bereits flei\u00dfig an der Planung.<\/p><\/div>\n\n\n\n<h2 class=\"wp-block-heading\">Weitere Beitr\u00e4ge<\/h2>\n\n\n<ul class=\"wp-block-latest-posts__list has-dates wp-block-latest-posts\"><li><div class=\"wp-block-latest-posts__featured-image alignleft\"><img loading=\"lazy\" decoding=\"async\" width=\"150\" height=\"150\" src=\"https:\/\/www.klimainitiative-windeck.de\/wp-content\/uploads\/2025\/08\/DAN25_Logo_k-150x150.png\" class=\"attachment-thumbnail size-thumbnail wp-post-image\" alt=\"\" style=\"\" \/><\/div><a class=\"wp-block-latest-posts__post-title\" href=\"https:\/\/www.klimainitiative-windeck.de\/index.php\/2025\/08\/16\/aktionstage-nachhaltigkeit-2025-wir-laden-ein\/\">Aktionstage Nachhaltigkeit 2025 \u2013 Wir laden ein!<\/a><time datetime=\"2025-08-16T22:07:19+02:00\" class=\"wp-block-latest-posts__post-date\">16. August 2025<\/time><div class=\"wp-block-latest-posts__post-excerpt\">Wie auch im letzten Jahr beteiligen wir uns wieder an den Deutschen Aktionstagen Nachhaltigkeit. Wir freuen uns \u00fcber die Unterst\u00fctzung durch die Gemeinde Windeck und unserer weiteren zahlreichen Kooperationspartner \u00d6ffentliche\u2026\u00a0<a class=\"wp-block-latest-posts__read-more\" href=\"https:\/\/www.klimainitiative-windeck.de\/index.php\/2025\/08\/16\/aktionstage-nachhaltigkeit-2025-wir-laden-ein\/\" rel=\"noopener noreferrer\"><span class=\"screen-reader-text\">Aktionstage Nachhaltigkeit 2025 \u2013 Wir laden ein! <\/span>weiterlesen<\/a><\/div><\/li>\n<li><div class=\"wp-block-latest-posts__featured-image alignleft\"><img loading=\"lazy\" decoding=\"async\" width=\"150\" height=\"150\" src=\"https:\/\/www.klimainitiative-windeck.de\/wp-content\/uploads\/2024\/09\/Aktionstage_logo-150x150.jpg\" class=\"attachment-thumbnail size-thumbnail wp-post-image\" alt=\"Logo der Deutschen Aktionstage Nachhaltigkeit 2024\" style=\"\" \/><\/div><a class=\"wp-block-latest-posts__post-title\" href=\"https:\/\/www.klimainitiative-windeck.de\/index.php\/2024\/09\/04\/aktionstage-nachhaltigkeit-2024-wir-laden-ein\/\">Aktionstage Nachhaltigkeit 2024 &#8211; Wir laden ein!<\/a><time datetime=\"2024-09-04T16:51:17+02:00\" class=\"wp-block-latest-posts__post-date\">4. September 2024<\/time><div class=\"wp-block-latest-posts__post-excerpt\">Dieses Jahr beteiligen wir uns zum ersten Mal an den Deutschen Aktionstagen Nachhaltigkeit. Neben einer Reihe von Veranstaltungen, die wir auch die letzten Jahre schon im Rahmen der Europ\u00e4ischen Mobilit\u00e4tswoche\u2026\u00a0<a class=\"wp-block-latest-posts__read-more\" href=\"https:\/\/www.klimainitiative-windeck.de\/index.php\/2024\/09\/04\/aktionstage-nachhaltigkeit-2024-wir-laden-ein\/\" rel=\"noopener noreferrer\"><span class=\"screen-reader-text\">Aktionstage Nachhaltigkeit 2024 &#8211; Wir laden ein! <\/span>weiterlesen<\/a><\/div><\/li>\n<li><div class=\"wp-block-latest-posts__featured-image alignleft\"><img loading=\"lazy\" decoding=\"async\" width=\"150\" height=\"150\" src=\"https:\/\/www.klimainitiative-windeck.de\/wp-content\/uploads\/2023\/10\/mobiwoche23_auftakt01-150x150.jpg\" class=\"attachment-thumbnail size-thumbnail wp-post-image\" alt=\"Eine Impression der Auftaktveranstaltung mit einem Teil der St\u00e4nde\" style=\"\" \/><\/div><a class=\"wp-block-latest-posts__post-title\" href=\"https:\/\/www.klimainitiative-windeck.de\/index.php\/2023\/09\/30\/mobilitaetstag-bei-kabelmetal-vom-16-09-2023\/\">&#8222;Mobilit\u00e4tstag&#8220; bei kabelmetal vom 16.09.2023<\/a><time datetime=\"2023-09-30T16:13:03+02:00\" class=\"wp-block-latest-posts__post-date\">30. September 2023<\/time><div class=\"wp-block-latest-posts__post-excerpt\">Die von der KlimaInitiative Windeck geplante und von der Gemeinde Windeck sowie einigen Organisationen unterst\u00fctzte Aktion zum Start der Europ\u00e4ischen Mobilit\u00e4tswoche 2023 auf dem kabelmetal-Gel\u00e4nde in Schladern wurde gut besucht\u2026\u00a0<a class=\"wp-block-latest-posts__read-more\" href=\"https:\/\/www.klimainitiative-windeck.de\/index.php\/2023\/09\/30\/mobilitaetstag-bei-kabelmetal-vom-16-09-2023\/\" rel=\"noopener noreferrer\"><span class=\"screen-reader-text\">&#8222;Mobilit\u00e4tstag&#8220; bei kabelmetal vom 16.09.2023 <\/span>weiterlesen<\/a><\/div><\/li>\n<li><div class=\"wp-block-latest-posts__featured-image alignleft\"><img loading=\"lazy\" decoding=\"async\" width=\"150\" height=\"150\" src=\"https:\/\/www.klimainitiative-windeck.de\/wp-content\/uploads\/2023\/10\/kidical_mass_transparent-150x150.jpeg\" class=\"attachment-thumbnail size-thumbnail wp-post-image\" alt=\"Eine Pappe mit der Aufschrift &quot;Wir fahren Fahrrad, weiel wir m\u00fcssen jetzt diereck Umwelt besch\u00fctzen!&quot;\" style=\"\" \/><\/div><a class=\"wp-block-latest-posts__post-title\" href=\"https:\/\/www.klimainitiative-windeck.de\/index.php\/2023\/09\/30\/1-windecker-kidical-mass-fahrraddemo-vom-20-09-2023\/\">1. Windecker \u201eKidical Mass\u201c-Fahrraddemo vom 20.09.2023<\/a><time datetime=\"2023-09-30T16:01:18+02:00\" class=\"wp-block-latest-posts__post-date\">30. September 2023<\/time><div class=\"wp-block-latest-posts__post-excerpt\">\u201eDie Stra\u00dfe geh\u00f6rt (auch) uns!\u201c &#8211; Unter diesem Motto trafen sich am (\u201eWeltkindertag\u201c) Mittwoch, den 20.9. immerhin ca. 35 Menschen aller Altersklassen mit ihren Fahrr\u00e4dern auf der Niedecke in Dattenfeld,\u2026\u00a0<a class=\"wp-block-latest-posts__read-more\" href=\"https:\/\/www.klimainitiative-windeck.de\/index.php\/2023\/09\/30\/1-windecker-kidical-mass-fahrraddemo-vom-20-09-2023\/\" rel=\"noopener noreferrer\"><span class=\"screen-reader-text\">1. Windecker \u201eKidical Mass\u201c-Fahrraddemo vom 20.09.2023 <\/span>weiterlesen<\/a><\/div><\/li>\n<li><div class=\"wp-block-latest-posts__featured-image alignleft\"><img loading=\"lazy\" decoding=\"async\" width=\"150\" height=\"150\" src=\"https:\/\/www.klimainitiative-windeck.de\/wp-content\/uploads\/2023\/08\/Mobiwoche_Banner-oben-150x150.jpg\" class=\"attachment-thumbnail size-thumbnail wp-post-image\" alt=\"Banner mit radelnden Figuren und der Aufschrift: &quot;Klimainitiative Windeck in Zusammenarbeit mit der Gemeinde Windeck und dem ADFC, Wir sind dabei! Europ\u00e4isceh Mobilit\u00e4tswoche 2023 vom 16. - 22. September.&quot;\" style=\"\" \/><\/div><a class=\"wp-block-latest-posts__post-title\" href=\"https:\/\/www.klimainitiative-windeck.de\/index.php\/2023\/08\/20\/mobilitaetswoche-2023-in-windeck-und-eitorf\/\">Mobilit\u00e4tswoche 2023 in Windeck und Eitorf<\/a><time datetime=\"2023-08-20T17:59:29+02:00\" class=\"wp-block-latest-posts__post-date\">20. August 2023<\/time><div class=\"wp-block-latest-posts__post-excerpt\">Wie die letzten Jahre werden in Windeck und Eitorf im Rahmen der europ\u00e4ischen Mobilit\u00e4tswoche wieder eine Reihe von interessanten Veranstaltungen rund um eine klimagerechte Mobilit\u00e4t geboten.<\/div><\/li>\n<li><div class=\"wp-block-latest-posts__featured-image alignleft\"><img loading=\"lazy\" decoding=\"async\" width=\"150\" height=\"150\" src=\"https:\/\/www.klimainitiative-windeck.de\/wp-content\/uploads\/2022\/09\/verkehrsabend-150x150.jpg\" class=\"attachment-thumbnail size-thumbnail wp-post-image\" alt=\"Das Podium mit Herrn Klein (links), Herrn Baum und Herrn Bohnet (rechts)\" style=\"\" \/><\/div><a class=\"wp-block-latest-posts__post-title\" href=\"https:\/\/www.klimainitiative-windeck.de\/index.php\/2022\/09\/24\/ein-abend-fuer-die-verkehrswende\/\">Ein Abend f\u00fcr die Verkehrswende<\/a><time datetime=\"2022-09-24T12:21:39+02:00\" class=\"wp-block-latest-posts__post-date\">24. September 2022<\/time><div class=\"wp-block-latest-posts__post-excerpt\">Zur Er\u00f6ffnung der EU-Mobilit\u00e4tswoche 2022 veranstaltete die Klimainitiative Windeck am Freitag, dem 16. September, einen Vortags- und Diskussionsabend, moderiert von Ewald Baum, \u00fcber die M\u00f6glichkeiten einer nachhaltigen Verkehrswende in der\u2026\u00a0<a class=\"wp-block-latest-posts__read-more\" href=\"https:\/\/www.klimainitiative-windeck.de\/index.php\/2022\/09\/24\/ein-abend-fuer-die-verkehrswende\/\" rel=\"noopener noreferrer\"><span class=\"screen-reader-text\">Ein Abend f\u00fcr die Verkehrswende <\/span>weiterlesen<\/a><\/div><\/li>\n<\/ul>","protected":false},"excerpt":{"rendered":"<p>In den Jahren 2021 bis 2023 beteiligten wir uns an der europ\u00e4ischen Mobilit\u00e4tswoche mit verschiedenen Aktionen zur F\u00f6rderung von nachhaltiger und klimafreundlicher Mobilit\u00e4t. Seit 2024 stellen wir unsere Veranstaltungen f\u00fcr eine nachhaltigere Mobilit\u00e4t in den Rahmen der Deutschen Aktionstage Nachhaltigkeit. Dadurch vergr\u00f6\u00dfern wir das Themenspektrum und bieten eine noch gr\u00f6\u00dfere Vielfalt an Veranstaltungen im Rahmen [&hellip;]<\/p>\n","protected":false},"author":1,"featured_media":1190,"parent":112,"menu_order":0,"comment_status":"closed","ping_status":"closed","template":"","meta":{"site-sidebar-layout":"default","site-content-layout":"","ast-site-content-layout":"default","site-content-style":"default","site-sidebar-style":"default","ast-global-header-display":"","ast-banner-title-visibility":"","ast-main-header-display":"","ast-hfb-above-header-display":"","ast-hfb-below-header-display":"","ast-hfb-mobile-header-display":"","site-post-title":"","ast-breadcrumbs-content":"","ast-featured-img":"","footer-sml-layout":"","ast-disable-related-posts":"","theme-transparent-header-meta":"","adv-header-id-meta":"","stick-header-meta":"","header-above-stick-meta":"","header-main-stick-meta":"","header-below-stick-meta":"","astra-migrate-meta-layouts":"set","ast-page-background-enabled":"default","ast-page-background-meta":{"desktop":{"background-color":"var(--ast-global-color-4)","background-image":"","background-repeat":"repeat","background-position":"center center","background-size":"auto","background-attachment":"scroll","background-type":"","background-media":"","overlay-type":"","overlay-color":"","overlay-opacity":"","overlay-gradient":""},"tablet":{"background-color":"","background-image":"","background-repeat":"repeat","background-position":"center center","background-size":"auto","background-attachment":"scroll","background-type":"","background-media":"","overlay-type":"","overlay-color":"","overlay-opacity":"","overlay-gradient":""},"mobile":{"background-color":"","background-image":"","background-repeat":"repeat","background-position":"center center","background-size":"auto","background-attachment":"scroll","background-type":"","background-media":"","overlay-type":"","overlay-color":"","overlay-opacity":"","overlay-gradient":""}},"ast-content-background-meta":{"desktop":{"background-color":"var(--ast-global-color-5)","background-image":"","background-repeat":"repeat","background-position":"center center","background-size":"auto","background-attachment":"scroll","background-type":"","background-media":"","overlay-type":"","overlay-color":"","overlay-opacity":"","overlay-gradient":""},"tablet":{"background-color":"var(--ast-global-color-5)","background-image":"","background-repeat":"repeat","background-position":"center center","background-size":"auto","background-attachment":"scroll","background-type":"","background-media":"","overlay-type":"","overlay-color":"","overlay-opacity":"","overlay-gradient":""},"mobile":{"background-color":"var(--ast-global-color-5)","background-image":"","background-repeat":"repeat","background-position":"center center","background-size":"auto","background-attachment":"scroll","background-type":"","background-media":"","overlay-type":"","overlay-color":"","overlay-opacity":"","overlay-gradient":""}},"footnotes":""},"class_list":["post-1159","page","type-page","status-publish","has-post-thumbnail","hentry"],"_links":{"self":[{"href":"https:\/\/www.klimainitiative-windeck.de\/index.php\/wp-json\/wp\/v2\/pages\/1159","targetHints":{"allow":["GET"]}}],"collection":[{"href":"https:\/\/www.klimainitiative-windeck.de\/index.php\/wp-json\/wp\/v2\/pages"}],"about":[{"href":"https:\/\/www.klimainitiative-windeck.de\/index.php\/wp-json\/wp\/v2\/types\/page"}],"author":[{"embeddable":true,"href":"https:\/\/www.klimainitiative-windeck.de\/index.php\/wp-json\/wp\/v2\/users\/1"}],"replies":[{"embeddable":true,"href":"https:\/\/www.klimainitiative-windeck.de\/index.php\/wp-json\/wp\/v2\/comments?post=1159"}],"version-history":[{"count":0,"href":"https:\/\/www.klimainitiative-windeck.de\/index.php\/wp-json\/wp\/v2\/pages\/1159\/revisions"}],"up":[{"embeddable":true,"href":"https:\/\/www.klimainitiative-windeck.de\/index.php\/wp-json\/wp\/v2\/pages\/112"}],"wp:featuredmedia":[{"embeddable":true,"href":"https:\/\/www.klimainitiative-windeck.de\/index.php\/wp-json\/wp\/v2\/media\/1190"}],"wp:attachment":[{"href":"https:\/\/www.klimainitiative-windeck.de\/index.php\/wp-json\/wp\/v2\/media?parent=1159"}],"curies":[{"name":"wp","href":"https:\/\/api.w.org\/{rel}","templated":true}]}}

Mobilitätswoche / Nachhaltigkeitstage

<p>In den Jahren 2021 bis 2023 beteiligten wir uns an der <a href="https://www.umweltbundesamt.de/europaeische-mobilitaetswoche" data-type="URL" data-id="https://www.umweltbundesamt.de/europaeische-mobilitaetswoche">europäischen Mobilitätswoche</a> mit verschiedenen Aktionen zur Förderung von nachhaltiger und klimafreundlicher Mobilität.</p>



<p>Seit 2024 stellen wir unsere Veranstaltungen für eine nachhaltigere Mobilität in den Rahmen der Deutschen Aktionstage Nachhaltigkeit. Dadurch vergrößern wir das Themenspektrum und bieten eine noch größere Vielfalt an Veranstaltungen im Rahmen der Aktionstage.</p>



<h2 class="wp-block-heading">Geplante Veranstaltungen</h2>


<div id="vsel" class="vsel-shortcode vsel-shortcode-upcoming-events"><p class="vsel-no-events">Aktuell stehen noch keine Veranstaltungen für die nächste Aktionstage fest, wir arbeiten aber bereits fleißig an der Planung.</p></div>



<h2 class="wp-block-heading">Weitere Beiträge</h2>


<ul class="wp-block-latest-posts__list has-dates wp-block-latest-posts"><li><div class="wp-block-latest-posts__featured-image alignleft"><img loading="lazy" decoding="async" width="150" height="150" src="https://www.klimainitiative-windeck.de/wp-content/uploads/2025/08/DAN25_Logo_k-150x150.png" class="attachment-thumbnail size-thumbnail wp-post-image" alt="" style="" /></div><a class="wp-block-latest-posts__post-title" href="https://www.klimainitiative-windeck.de/index.php/2025/08/16/aktionstage-nachhaltigkeit-2025-wir-laden-ein/">Aktionstage Nachhaltigkeit 2025 – Wir laden ein!</a><time datetime="2025-08-16T22:07:19+02:00" class="wp-block-latest-posts__post-date">16. August 2025</time><div class="wp-block-latest-posts__post-excerpt">Wie auch im letzten Jahr beteiligen wir uns wieder an den Deutschen Aktionstagen Nachhaltigkeit. Wir freuen uns über die Unterstützung durch die Gemeinde Windeck und unserer weiteren zahlreichen Kooperationspartner Öffentliche… <a class="wp-block-latest-posts__read-more" href="https://www.klimainitiative-windeck.de/index.php/2025/08/16/aktionstage-nachhaltigkeit-2025-wir-laden-ein/" rel="noopener noreferrer"><span class="screen-reader-text">Aktionstage Nachhaltigkeit 2025 – Wir laden ein! </span>weiterlesen</a></div></li>
<li><div class="wp-block-latest-posts__featured-image alignleft"><img loading="lazy" decoding="async" width="150" height="150" src="https://www.klimainitiative-windeck.de/wp-content/uploads/2024/09/Aktionstage_logo-150x150.jpg" class="attachment-thumbnail size-thumbnail wp-post-image" alt="Logo der Deutschen Aktionstage Nachhaltigkeit 2024" style="" /></div><a class="wp-block-latest-posts__post-title" href="https://www.klimainitiative-windeck.de/index.php/2024/09/04/aktionstage-nachhaltigkeit-2024-wir-laden-ein/">Aktionstage Nachhaltigkeit 2024 &#8211; Wir laden ein!</a><time datetime="2024-09-04T16:51:17+02:00" class="wp-block-latest-posts__post-date">4. September 2024</time><div class="wp-block-latest-posts__post-excerpt">Dieses Jahr beteiligen wir uns zum ersten Mal an den Deutschen Aktionstagen Nachhaltigkeit. Neben einer Reihe von Veranstaltungen, die wir auch die letzten Jahre schon im Rahmen der Europäischen Mobilitätswoche… <a class="wp-block-latest-posts__read-more" href="https://www.klimainitiative-windeck.de/index.php/2024/09/04/aktionstage-nachhaltigkeit-2024-wir-laden-ein/" rel="noopener noreferrer"><span class="screen-reader-text">Aktionstage Nachhaltigkeit 2024 &#8211; Wir laden ein! </span>weiterlesen</a></div></li>
<li><div class="wp-block-latest-posts__featured-image alignleft"><img loading="lazy" decoding="async" width="150" height="150" src="https://www.klimainitiative-windeck.de/wp-content/uploads/2023/10/mobiwoche23_auftakt01-150x150.jpg" class="attachment-thumbnail size-thumbnail wp-post-image" alt="Eine Impression der Auftaktveranstaltung mit einem Teil der Stände" style="" /></div><a class="wp-block-latest-posts__post-title" href="https://www.klimainitiative-windeck.de/index.php/2023/09/30/mobilitaetstag-bei-kabelmetal-vom-16-09-2023/">&#8222;Mobilitätstag&#8220; bei kabelmetal vom 16.09.2023</a><time datetime="2023-09-30T16:13:03+02:00" class="wp-block-latest-posts__post-date">30. September 2023</time><div class="wp-block-latest-posts__post-excerpt">Die von der KlimaInitiative Windeck geplante und von der Gemeinde Windeck sowie einigen Organisationen unterstützte Aktion zum Start der Europäischen Mobilitätswoche 2023 auf dem kabelmetal-Gelände in Schladern wurde gut besucht… <a class="wp-block-latest-posts__read-more" href="https://www.klimainitiative-windeck.de/index.php/2023/09/30/mobilitaetstag-bei-kabelmetal-vom-16-09-2023/" rel="noopener noreferrer"><span class="screen-reader-text">&#8222;Mobilitätstag&#8220; bei kabelmetal vom 16.09.2023 </span>weiterlesen</a></div></li>
<li><div class="wp-block-latest-posts__featured-image alignleft"><img loading="lazy" decoding="async" width="150" height="150" src="https://www.klimainitiative-windeck.de/wp-content/uploads/2023/10/kidical_mass_transparent-150x150.jpeg" class="attachment-thumbnail size-thumbnail wp-post-image" alt="Eine Pappe mit der Aufschrift &quot;Wir fahren Fahrrad, weiel wir müssen jetzt diereck Umwelt beschützen!&quot;" style="" /></div><a class="wp-block-latest-posts__post-title" href="https://www.klimainitiative-windeck.de/index.php/2023/09/30/1-windecker-kidical-mass-fahrraddemo-vom-20-09-2023/">1. Windecker „Kidical Mass“-Fahrraddemo vom 20.09.2023</a><time datetime="2023-09-30T16:01:18+02:00" class="wp-block-latest-posts__post-date">30. September 2023</time><div class="wp-block-latest-posts__post-excerpt">„Die Straße gehört (auch) uns!“ &#8211; Unter diesem Motto trafen sich am („Weltkindertag“) Mittwoch, den 20.9. immerhin ca. 35 Menschen aller Altersklassen mit ihren Fahrrädern auf der Niedecke in Dattenfeld,… <a class="wp-block-latest-posts__read-more" href="https://www.klimainitiative-windeck.de/index.php/2023/09/30/1-windecker-kidical-mass-fahrraddemo-vom-20-09-2023/" rel="noopener noreferrer"><span class="screen-reader-text">1. Windecker „Kidical Mass“-Fahrraddemo vom 20.09.2023 </span>weiterlesen</a></div></li>
<li><div class="wp-block-latest-posts__featured-image alignleft"><img loading="lazy" decoding="async" width="150" height="150" src="https://www.klimainitiative-windeck.de/wp-content/uploads/2023/08/Mobiwoche_Banner-oben-150x150.jpg" class="attachment-thumbnail size-thumbnail wp-post-image" alt="Banner mit radelnden Figuren und der Aufschrift: &quot;Klimainitiative Windeck in Zusammenarbeit mit der Gemeinde Windeck und dem ADFC, Wir sind dabei! Europäisceh Mobilitätswoche 2023 vom 16. - 22. September.&quot;" style="" /></div><a class="wp-block-latest-posts__post-title" href="https://www.klimainitiative-windeck.de/index.php/2023/08/20/mobilitaetswoche-2023-in-windeck-und-eitorf/">Mobilitätswoche 2023 in Windeck und Eitorf</a><time datetime="2023-08-20T17:59:29+02:00" class="wp-block-latest-posts__post-date">20. August 2023</time><div class="wp-block-latest-posts__post-excerpt">Wie die letzten Jahre werden in Windeck und Eitorf im Rahmen der europäischen Mobilitätswoche wieder eine Reihe von interessanten Veranstaltungen rund um eine klimagerechte Mobilität geboten.</div></li>
<li><div class="wp-block-latest-posts__featured-image alignleft"><img loading="lazy" decoding="async" width="150" height="150" src="https://www.klimainitiative-windeck.de/wp-content/uploads/2022/09/verkehrsabend-150x150.jpg" class="attachment-thumbnail size-thumbnail wp-post-image" alt="Das Podium mit Herrn Klein (links), Herrn Baum und Herrn Bohnet (rechts)" style="" /></div><a class="wp-block-latest-posts__post-title" href="https://www.klimainitiative-windeck.de/index.php/2022/09/24/ein-abend-fuer-die-verkehrswende/">Ein Abend für die Verkehrswende</a><time datetime="2022-09-24T12:21:39+02:00" class="wp-block-latest-posts__post-date">24. September 2022</time><div class="wp-block-latest-posts__post-excerpt">Zur Eröffnung der EU-Mobilitätswoche 2022 veranstaltete die Klimainitiative Windeck am Freitag, dem 16. September, einen Vortags- und Diskussionsabend, moderiert von Ewald Baum, über die Möglichkeiten einer nachhaltigen Verkehrswende in der… <a class="wp-block-latest-posts__read-more" href="https://www.klimainitiative-windeck.de/index.php/2022/09/24/ein-abend-fuer-die-verkehrswende/" rel="noopener noreferrer"><span class="screen-reader-text">Ein Abend für die Verkehrswende </span>weiterlesen</a></div></li>
</ul>

<p>In den Jahren 2021 bis 2023 beteiligten wir uns an der europäischen Mobilitätswoche mit verschiedenen Aktionen zur Förderung von nachhaltiger und klimafreundlicher Mobilität. Seit 2024 stellen wir unsere Veranstaltungen für eine nachhaltigere Mobilität in den Rahmen der Deutschen Aktionstage Nachhaltigkeit. Dadurch vergrößern wir das Themenspektrum und bieten eine noch größere Vielfalt an Veranstaltungen im Rahmen [&hellip;]</p>
