{"id":1497,"date":"2024-10-04T16:51:15","date_gmt":"2024-10-04T14:51:15","guid":{"rendered":"https:\/\/www.klimainitiative-windeck.de\/?page_id=1497"},"modified":"2025-11-18T12:45:05","modified_gmt":"2025-11-18T11:45:05","slug":"veranstaltungen","status":"publish","type":"page","link":"https:\/\/www.klimainitiative-windeck.de\/index.php\/veranstaltungen\/","title":{"rendered":"Veranstaltungs\u00fcbersicht"},"content":{"rendered":"\n<h2 class=\"wp-block-heading\">Anstehende Veranstaltungen<\/h2>\n\n\n<div id=\"vsel\" class=\"vsel-shortcode vsel-shortcode-upcoming-events\"><div id=\"event-1203\" class=\"vsel-content konsum sonstige-veranstaltung vsel-upcoming vsel-current\"><h3 class=\"vsel-meta-title\"><a href=\"https:\/\/www.klimainitiative-windeck.de\/index.php\/event\/flohmarktstand\/\" rel=\"bookmark\" title=\"Flohmarktstand\">Flohmarktstand<\/a><\/h3><div class=\"vsel-meta vsel-alignleft\" style=\"width:33%;\"><div class=\"vsel-meta-combine\"><div class=\"vsel-meta-date-icon vsel-meta-single-date-icon\"><div class=\"vsel-start-icon\"><span class=\"vsel-month vsel-month-top\">Mai<\/span><span class=\"vsel-day\">10<\/span><span class=\"vsel-year\">2026<\/span><\/div><\/div><div class=\"vsel-meta-time\">Uhrzeit: <span>11:00 &#8211; 17:00 Uhr<\/span><\/div><div class=\"vsel-meta-location\">Ort: <span>Sch\u00f6necker Weg 5, 51570 Windeck-Schladern<\/span><\/div><div class=\"vsel-meta-link\"><a href=\"http:\/\/www.mima-marktgewerbe.de\/Flohmarkt-am-Wasserfall\/\" rel=\"noopener noreferrer\" rel=\"noopener noreferrer\" target=\"_blank\" title=\"http:\/\/www.mima-marktgewerbe.de\/Flohmarkt-am-Wasserfall\/\">Weitere Informationen<\/a><\/div><\/div><\/div><div class=\"vsel-info vsel-alignright\" style=\"width:63%;\"><figure class=\"vsel-image vsel-alignleft\" style=\"max-width:40%;\"><a href=\"https:\/\/www.klimainitiative-windeck.de\/index.php\/event\/flohmarktstand\/\" rel=\"bookmark\"><img loading=\"lazy\" decoding=\"async\" width=\"150\" height=\"150\" src=\"https:\/\/www.klimainitiative-windeck.de\/wp-content\/uploads\/2022\/09\/Konsum_1200-150x150.jpg\" class=\"vsel-image-img wp-post-image\" alt=\"Unser Flohmarktstand mit gebrauchten Gegenst\u00e4nden\" \/><\/a><\/figure><div class=\"vsel-text\"><p>Wir sind wieder mit einem Stand beim Flohmarkt am Wasserfall dabei und bieten gebrauchte Dinge und Kleidung an, denn gebraucht statt neu ist besser f\u00fcrs Klima.<\/p>\n<\/div><\/div><\/div><div id=\"event-1783\" class=\"vsel-content mobilitaet sonstige-veranstaltung vsel-upcoming vsel-future\"><h3 class=\"vsel-meta-title\"><a href=\"https:\/\/www.klimainitiative-windeck.de\/index.php\/event\/radtour-mit-picknick-zum-hohen-waeldchen\/\" rel=\"bookmark\" title=\"Radtour mit Picknick zum \u201eHohen W\u00e4ldchen\u201c\">Radtour mit Picknick zum \u201eHohen W\u00e4ldchen\u201c<\/a><\/h3><div class=\"vsel-meta vsel-alignleft\" style=\"width:33%;\"><div class=\"vsel-meta-combine\"><div class=\"vsel-meta-date-icon vsel-meta-single-date-icon\"><div class=\"vsel-start-icon\"><span class=\"vsel-month vsel-month-top\">Mai<\/span><span class=\"vsel-day\">24<\/span><span class=\"vsel-year\">2026<\/span><\/div><\/div><div class=\"vsel-meta-time\">Uhrzeit: <span>Start 15:00 Uhr<\/span><\/div><div class=\"vsel-meta-location\">Ort: <span>Bahnhof Schladern N\u00e4he Bushaltestellen<\/span><\/div><\/div><\/div><div class=\"vsel-info vsel-alignright\" style=\"width:63%;\"><figure class=\"vsel-image vsel-alignleft\" style=\"max-width:40%;\"><a href=\"https:\/\/www.klimainitiative-windeck.de\/index.php\/event\/radtour-mit-picknick-zum-hohen-waeldchen\/\" rel=\"bookmark\"><img loading=\"lazy\" decoding=\"async\" width=\"150\" height=\"150\" src=\"https:\/\/www.klimainitiative-windeck.de\/wp-content\/uploads\/2026\/03\/Hohes_Waeldchen_Ausblick_-1-150x150.jpg\" class=\"vsel-image-img wp-post-image\" alt=\"Ausblick vom Hohen W\u00e4ldchen \u00fcber sanfte H\u00fcgelketten, am Horizont das Siebengebirge\" \/><\/a><\/figure><div class=\"vsel-text\"><p>Das Hohe W\u00e4ldchen ist mit 378m \u00fc.NN die h\u00f6chste Nutscheid-Erhebung zwischen Br\u00f6l- und Siegtal und wurde&nbsp; fr\u00fcher milit\u00e4risch als Raketen-Abschussbasis genutzt.Heute kommen die Menschen meist in friedlicher Absicht und genie\u00dfen hier die Ruhe und die tolle Aussicht bis zum Siebengebirge. Wir wollen auf unserer Tour nach der anstrengenden Hinfahrt hier ebenfalls eine Rast machen und [&hellip;]<\/p>\n<\/div><\/div><\/div><div id=\"event-1789\" class=\"vsel-content mobilitaet sonstige-veranstaltung vsel-upcoming vsel-future\"><h3 class=\"vsel-meta-title\"><a href=\"https:\/\/www.klimainitiative-windeck.de\/index.php\/event\/fahrrad-reparatur-werkstatt\/\" rel=\"bookmark\" title=\"Fahrrad-Reparatur-Werkstatt\">Fahrrad-Reparatur-Werkstatt<\/a><\/h3><div class=\"vsel-meta vsel-alignleft\" style=\"width:33%;\"><div class=\"vsel-meta-combine\"><div class=\"vsel-meta-date-icon vsel-meta-single-date-icon\"><div class=\"vsel-start-icon\"><span class=\"vsel-month vsel-month-top\">Mai<\/span><span class=\"vsel-day\">29<\/span><span class=\"vsel-year\">2026<\/span><\/div><\/div><div class=\"vsel-meta-time\">Uhrzeit: <span>15:00 &#8211; 19:00<\/span><\/div><div class=\"vsel-meta-location\">Ort: <span>Sch\u00f6necker Weg 13, 51570 Windeck-Schladern<\/span><\/div><\/div><\/div><div class=\"vsel-info vsel-alignright\" style=\"width:63%;\"><figure class=\"vsel-image vsel-alignleft\" style=\"max-width:40%;\"><a href=\"https:\/\/www.klimainitiative-windeck.de\/index.php\/event\/fahrrad-reparatur-werkstatt\/\" rel=\"bookmark\"><img loading=\"lazy\" decoding=\"async\" width=\"150\" height=\"150\" src=\"https:\/\/www.klimainitiative-windeck.de\/wp-content\/uploads\/2026\/05\/Fahrrad-Reparatur-Werkstatt-150x150.jpg\" class=\"vsel-image-img wp-post-image\" alt=\"Fahrrad-Reparatur-Werkstatt\" \/><\/a><\/figure><div class=\"vsel-text\"><p>Bring dich, dein Fahrrad und Lust am Reparieren mit und wir schauen gemeinsam was du selber reparieren kannst und ob dein Fahrrad noch sicher ist. Kleinigkeiten kannst du selber machen, wir unterst\u00fctzen mit Werkzeug und KnowHow. Bitte mitbringen: Fahrrad, entsprechende Kleidung Diese Veranstaltung ist Teil des Stadt-Land-Fluss-Festivals 2026 und wird in Kooperation mit der Selbsthilfewerkstatt [&hellip;]<\/p>\n<\/div><\/div><\/div><div id=\"event-1780\" class=\"vsel-content konsum sonstige-veranstaltung vsel-upcoming vsel-future\"><h3 class=\"vsel-meta-title\"><a href=\"https:\/\/www.klimainitiative-windeck.de\/index.php\/event\/kleidertauschparty-fuer-frauen-2\/\" rel=\"bookmark\" title=\"Kleidertauschparty f\u00fcr Frauen\">Kleidertauschparty f\u00fcr Frauen<\/a><\/h3><div class=\"vsel-meta vsel-alignleft\" style=\"width:33%;\"><div class=\"vsel-meta-combine\"><div class=\"vsel-meta-date-icon vsel-meta-single-date-icon\"><div class=\"vsel-start-icon\"><span class=\"vsel-month vsel-month-top\">Mai<\/span><span class=\"vsel-day\">30<\/span><span class=\"vsel-year\">2026<\/span><\/div><\/div><div class=\"vsel-meta-time\">Uhrzeit: <span>14 &#8211; 17 Uhr<\/span><\/div><div class=\"vsel-meta-location\">Ort: <span>B\u00fcrgerzentrum &#8222;B\u00fcZe&#8220; Dattenfeld, Dreifelder Kirchweg 3, 51570 Windeck<\/span><\/div><\/div><\/div><div class=\"vsel-info vsel-alignright\" style=\"width:63%;\"><figure class=\"vsel-image vsel-alignleft\" style=\"max-width:40%;\"><a href=\"https:\/\/www.klimainitiative-windeck.de\/index.php\/event\/kleidertauschparty-fuer-frauen-2\/\" rel=\"bookmark\"><img loading=\"lazy\" decoding=\"async\" width=\"150\" height=\"150\" src=\"https:\/\/www.klimainitiative-windeck.de\/wp-content\/uploads\/2026\/03\/Kleidertauschbild3-150x150.jpg\" class=\"vsel-image-img wp-post-image\" alt=\"Kleidertauschbild3\" \/><\/a><\/figure><div class=\"vsel-text\"><p>Anl\u00e4sslich des Stadt-Land-Fluss-Festivals 2026 veranstalten wir zum vierten Mal eine kostenlose Kleidertauschparty f\u00fcr Frauen. So funktioniert&#8217;\u00ads: Du bringst gewaschene und gut erhaltene, saisonale Kleidungsst\u00fccke mit. Die Kleidung sollte so sein, dass man sie seiner besten Freundin geben w\u00fcrde. Mitgebracht werden k\u00f6nnen bis zu 10 Kleidungsst\u00fccke (inklusive Schuhpaare!); auch Schmuck, T\u00fccher und andere Accessoires k\u00f6nnen mitgebracht [&hellip;]<\/p>\n<\/div><\/div><\/div><div class=\"vsel-nav-numeric\"><\/div><\/div>\n\n\n<h2 class=\"wp-block-heading\">Vergangene Veranstaltungen<\/h2>\n\n\n<div id=\"vsel\" class=\"vsel-shortcode vsel-shortcode-past-events\"><div id=\"event-1578\" class=\"vsel-content demonstration mobilitaet vsel-past\"><h3 class=\"vsel-meta-title\"><a href=\"https:\/\/www.klimainitiative-windeck.de\/index.php\/event\/wo-ist-unser-radweg\/\" rel=\"bookmark\" title=\"WO IST UNSER RADWEG?\">WO IST UNSER RADWEG?<\/a><\/h3><div class=\"vsel-meta vsel-alignleft\" style=\"width:33%;\"><div class=\"vsel-meta-combine\"><div class=\"vsel-meta-date-icon vsel-meta-single-date-icon\"><div class=\"vsel-start-icon\"><span class=\"vsel-month vsel-month-top\">Apr.<\/span><span class=\"vsel-day\">18<\/span><span class=\"vsel-year\">2026<\/span><\/div><\/div><div class=\"vsel-meta-time\">Uhrzeit: <span>Start 10:00 Uhr<\/span><\/div><div class=\"vsel-meta-location\">Ort: <span>Treffpunkt am Parkplatz neben dem B\u00fcrgerb\u00fcro (Rathausstr. 16)<\/span><\/div><\/div><\/div><div class=\"vsel-info vsel-alignright\" style=\"width:63%;\"><div class=\"vsel-text\"><p>\u201eWo ist unser Radweg?\u201c &#8211; diese Frage stellen sich die Radfahrenden in Windeck schon immer. Dabei ist die Antwort ebenso einfach wie unbefriedigend: es gibt keine Radwege in Windeck! Der oft als solcher beschriebene \u201eSieg-Unterhaltungsweg\u201c ist seit Jahren zwischen Dattenfeld und Dreisel (offiziell) gesperrt. Wir h\u00f6ren immer, die zust\u00e4ndigen Stellen seien in \u201eguten Gespr\u00e4chen\u201c &#8211; [&hellip;]<\/p>\n<\/div><\/div><\/div><div id=\"event-1769\" class=\"vsel-content klimastammtisch vsel-past\"><h3 class=\"vsel-meta-title\"><a href=\"https:\/\/www.klimainitiative-windeck.de\/index.php\/event\/klimastammtisch-im-april-2\/\" rel=\"bookmark\" title=\"Klimastammtisch im April\">Klimastammtisch im April<\/a><\/h3><div class=\"vsel-meta vsel-alignleft\" style=\"width:33%;\"><div class=\"vsel-meta-combine\"><div class=\"vsel-meta-date-icon vsel-meta-single-date-icon\"><div class=\"vsel-start-icon\"><span class=\"vsel-month vsel-month-top\">Apr.<\/span><span class=\"vsel-day\">7<\/span><span class=\"vsel-year\">2026<\/span><\/div><\/div><div class=\"vsel-meta-time\">Uhrzeit: <span>ab 19:00 Uhr<\/span><\/div><div class=\"vsel-meta-location\">Ort: <span>B\u00fcrgerzentrum &#8222;B\u00fcZe&#8220;, Dreifelder Kirchweg 3, 51570 Windeck Dattenfeld<\/span><\/div><\/div><\/div><div class=\"vsel-info vsel-alignright\" style=\"width:63%;\"><div class=\"vsel-text\"><p>Wir treffen uns in der Regel jeden ersten Dienstag im Monat zum Besprechen und Planen von gemeinsamen Aktionen. Die Tagesordnung wird vorher per E-Mail verschickt.Interessierte sind jederzeit herzlich willkommen. Das B\u00fcZe kann auch bequem per Bus erreicht werden: Linie 546 bis \u201eIm \u00dcnken\u201c oder Linie 547 bis \u201eL\u00fctz Eck\u201c, von dort sind es jeweils nur [&hellip;]<\/p>\n<\/div><\/div><\/div><div id=\"event-1779\" class=\"vsel-content sonstige-veranstaltung vsel-past\"><h3 class=\"vsel-meta-title\"><a href=\"https:\/\/www.klimainitiative-windeck.de\/index.php\/event\/klima-kloen\/\" rel=\"bookmark\" title=\"Klima-Kl\u00f6n\">Klima-Kl\u00f6n<\/a><\/h3><div class=\"vsel-meta vsel-alignleft\" style=\"width:33%;\"><div class=\"vsel-meta-combine\"><div class=\"vsel-meta-date-icon vsel-meta-single-date-icon\"><div class=\"vsel-start-icon\"><span class=\"vsel-month vsel-month-top\">M\u00e4rz<\/span><span class=\"vsel-day\">27<\/span><span class=\"vsel-year\">2026<\/span><\/div><\/div><div class=\"vsel-meta-time\">Uhrzeit: <span>ab 19:30 Uhr<\/span><\/div><div class=\"vsel-meta-location\">Ort: <span>Gasthof Rolandseck (Rathausstr. 47, 51570 Windeck)<\/span><\/div><\/div><\/div><div class=\"vsel-info vsel-alignright\" style=\"width:63%;\"><div class=\"vsel-text\"><p>Gemeinsam besprechen, statt nur dr\u00fcber lesen! Hand aufs Herz: Theorie und Brosch\u00fcren sind gut, aber der beste Rat kommt oft von den Nachbarn, die es einfach schon gemacht haben. Haben Sie sich auch schon mal gefragt, ob sich eine W\u00e4rmepumpe im Fachwerkhaus lohnt, wie viel Sonne die PV-Anlage im Windecker L\u00e4ndchen wirklich einf\u00e4ngt oder wie [&hellip;]<\/p>\n<\/div><\/div><\/div><div id=\"event-1770\" class=\"vsel-content konsum mobilitaet sonstige-veranstaltung vsel-past\"><h3 class=\"vsel-meta-title\"><a href=\"https:\/\/www.klimainitiative-windeck.de\/index.php\/event\/fahrradflohmarkt\/\" rel=\"bookmark\" title=\"Fahrradflohmarkt\">Fahrradflohmarkt<\/a><\/h3><div class=\"vsel-meta vsel-alignleft\" style=\"width:33%;\"><div class=\"vsel-meta-combine\"><div class=\"vsel-meta-date-icon vsel-meta-single-date-icon\"><div class=\"vsel-start-icon\"><span class=\"vsel-month vsel-month-top\">M\u00e4rz<\/span><span class=\"vsel-day\">21<\/span><span class=\"vsel-year\">2026<\/span><\/div><\/div><div class=\"vsel-meta-time\">Uhrzeit: <span>14:00 &#8211; 17:00 Uhr<\/span><\/div><div class=\"vsel-meta-location\">Ort: <span>B\u00fcrgerzentrum \u201eB\u00fcZe\u201c, Dreifelder Kirchweg 3, 51570 Windeck Dattenfeld<\/span><\/div><\/div><\/div><div class=\"vsel-info vsel-alignright\" style=\"width:63%;\"><div class=\"vsel-text\"><p>Zum Fr\u00fchlingsanfang l\u00e4dt die KlimaInitiative Windeck gemeinsam mit ADFC, Biketreff Leuscheid, VCD und der Klima-Kita \u201eSiegpiraten\u201c alle Interessierten zur Schn\u00e4ppchenjagd auf Zwei- und Dreir\u00e4der ein. Anbieten und selber verkaufen (keine Standgeb\u00fchren, keine Anmeldung n\u00f6tig) kann man alle Arten von Fahrr\u00e4dern oder Rollern,\u00a0ebenso wie Zubeh\u00f6rteile. Neben dem Flohmarkt gibt es auch Getr\u00e4nke, Kaffee und Kuchen sowie [&hellip;]<\/p>\n<\/div><\/div><\/div><div id=\"event-1762\" class=\"vsel-content klimastammtisch vsel-past\"><h3 class=\"vsel-meta-title\"><a href=\"https:\/\/www.klimainitiative-windeck.de\/index.php\/event\/klimastammtisch-im-maerz-2\/\" rel=\"bookmark\" title=\"Klimastammtisch im M\u00e4rz\">Klimastammtisch im M\u00e4rz<\/a><\/h3><div class=\"vsel-meta vsel-alignleft\" style=\"width:33%;\"><div class=\"vsel-meta-combine\"><div class=\"vsel-meta-date-icon vsel-meta-single-date-icon\"><div class=\"vsel-start-icon\"><span class=\"vsel-month vsel-month-top\">M\u00e4rz<\/span><span class=\"vsel-day\">3<\/span><span class=\"vsel-year\">2026<\/span><\/div><\/div><div class=\"vsel-meta-time\">Uhrzeit: <span>ab 19:00 Uhr<\/span><\/div><div class=\"vsel-meta-location\">Ort: <span>B\u00fcrgerzentrum &#8222;B\u00fcZe&#8220;, Dreifelder Kirchweg 3, 51570 Windeck Dattenfeld<\/span><\/div><\/div><\/div><div class=\"vsel-info vsel-alignright\" style=\"width:63%;\"><div class=\"vsel-text\"><p>Wir treffen uns in der Regel jeden ersten Dienstag im Monat zum Besprechen und Planen von gemeinsamen Aktionen. Die Tagesordnung wird vorher per E-Mail verschickt.Interessierte sind jederzeit herzlich willkommen. Das B\u00fcZe kann auch bequem per Bus erreicht werden: Linie 546 bis \u201eIm \u00dcnken\u201c oder Linie 547 bis \u201eL\u00fctz Eck\u201c, von dort sind es jeweils nur [&hellip;]<\/p>\n<\/div><\/div><\/div><div id=\"event-1761\" class=\"vsel-content klimastammtisch vsel-past\"><h3 class=\"vsel-meta-title\"><a href=\"https:\/\/www.klimainitiative-windeck.de\/index.php\/event\/klimastammtisch-im-februar\/\" rel=\"bookmark\" title=\"Klimastammtisch im Februar\">Klimastammtisch im Februar<\/a><\/h3><div class=\"vsel-meta vsel-alignleft\" style=\"width:33%;\"><div class=\"vsel-meta-combine\"><div class=\"vsel-meta-date-icon vsel-meta-single-date-icon\"><div class=\"vsel-start-icon\"><span class=\"vsel-month vsel-month-top\">Feb.<\/span><span class=\"vsel-day\">3<\/span><span class=\"vsel-year\">2026<\/span><\/div><\/div><div class=\"vsel-meta-time\">Uhrzeit: <span>ab 19:00 Uhr<\/span><\/div><div class=\"vsel-meta-location\">Ort: <span>B\u00fcrgerzentrum &#8222;B\u00fcZe&#8220;, Dreifelder Kirchweg 3, 51570 Windeck Dattenfeld<\/span><\/div><\/div><\/div><div class=\"vsel-info vsel-alignright\" style=\"width:63%;\"><div class=\"vsel-text\"><p>Wir treffen uns in der Regel jeden ersten Dienstag im Monat zum Besprechen und Planen von gemeinsamen Aktionen. Die Tagesordnung wird vorher per E-Mail verschickt.Interessierte sind jederzeit herzlich willkommen. Wir k\u00f6nnen ab 19 Uhr in den Raum. Mit der Tagesordnung wird dann zwischen 19:15 und 19:30 Uhr begonnen. Das B\u00fcZe kann auch bequem per Bus [&hellip;]<\/p>\n<\/div><\/div><\/div><div id=\"event-337\" class=\"vsel-content klimastammtisch vsel-past\"><h3 class=\"vsel-meta-title\"><a href=\"https:\/\/www.klimainitiative-windeck.de\/index.php\/event\/klimastammtisch-im-juli\/\" rel=\"bookmark\" title=\"Klimastammtisch im Januar\">Klimastammtisch im Januar<\/a><\/h3><div class=\"vsel-meta vsel-alignleft\" style=\"width:33%;\"><div class=\"vsel-meta-combine\"><div class=\"vsel-meta-date-icon vsel-meta-single-date-icon\"><div class=\"vsel-start-icon\"><span class=\"vsel-month vsel-month-top\">Jan.<\/span><span class=\"vsel-day\">6<\/span><span class=\"vsel-year\">2026<\/span><\/div><\/div><div class=\"vsel-meta-time\">Uhrzeit: <span>ab 19:00 Uhr<\/span><\/div><div class=\"vsel-meta-location\">Ort: <span>B\u00fcrgerzentrum &#8222;B\u00fcZe&#8220;, Dreifelder Kirchweg 3, 51570 Windeck Dattenfeld<\/span><\/div><\/div><\/div><div class=\"vsel-info vsel-alignright\" style=\"width:63%;\"><div class=\"vsel-text\"><p>Wir treffen uns in der Regel jeden ersten Dienstag im Monat zum Besprechen und Planen von gemeinsamen Aktionen. Die Tagesordnung wird vorher per E-Mail verschickt.Interessierte sind jederzeit herzlich willkommen. Wir k\u00f6nnen ab 19 Uhr in den Raum. Mit der Tagesordnung wird dann zwischen 19:15 und 19:30 Uhr begonnen. Das B\u00fcZe kann auch bequem per Bus [&hellip;]<\/p>\n<\/div><\/div><\/div><div id=\"event-1667\" class=\"vsel-content klimastammtisch vsel-past\"><h3 class=\"vsel-meta-title\"><a href=\"https:\/\/www.klimainitiative-windeck.de\/index.php\/event\/weihnachts-stammtisch\/\" rel=\"bookmark\" title=\"Weihnachts-Stammtisch\">Weihnachts-Stammtisch<\/a><\/h3><div class=\"vsel-meta vsel-alignleft\" style=\"width:33%;\"><div class=\"vsel-meta-combine\"><div class=\"vsel-meta-date-icon vsel-meta-single-date-icon\"><div class=\"vsel-start-icon\"><span class=\"vsel-month vsel-month-top\">Dez.<\/span><span class=\"vsel-day\">2<\/span><span class=\"vsel-year\">2025<\/span><\/div><\/div><div class=\"vsel-meta-time\">Uhrzeit: <span>ab 19:00 Uhr<\/span><\/div><div class=\"vsel-meta-location\">Ort: <span>B\u00fcrgerzentrum &#8222;B\u00fcZe&#8220;, Dreifelder Kirchweg 3, 51570 Windeck Dattenfeld<\/span><\/div><\/div><\/div><div class=\"vsel-info vsel-alignright\" style=\"width:63%;\"><div class=\"vsel-text\"><p>Wie auch in den letzten Jahren wird es am letzten Stammtisch des Jahres keine Tagesordnung geben, sondern Pl\u00e4tzchen, Gl\u00fchwein und andere Leckereien. In gem\u00fctlicher Atmosph\u00e4re wird es Raum f\u00fcr pers\u00f6nliche Gespr\u00e4che geben. G\u00e4ste sind herzlich willkommen. Das B\u00fcZe kann auch bequem per Bus erreicht werden: Linie 546 bis \u201eIm \u00dcnken\u201c oder Linie 547 bis \u201eL\u00fctz [&hellip;]<\/p>\n<\/div><\/div><\/div><div id=\"event-1665\" class=\"vsel-content klimastammtisch vsel-past\"><h3 class=\"vsel-meta-title\"><a href=\"https:\/\/www.klimainitiative-windeck.de\/index.php\/event\/klimastammtisch-im-november\/\" rel=\"bookmark\" title=\"Klimastammtisch im November\">Klimastammtisch im November<\/a><\/h3><div class=\"vsel-meta vsel-alignleft\" style=\"width:33%;\"><div class=\"vsel-meta-combine\"><div class=\"vsel-meta-date-icon vsel-meta-single-date-icon\"><div class=\"vsel-start-icon\"><span class=\"vsel-month vsel-month-top\">Nov.<\/span><span class=\"vsel-day\">4<\/span><span class=\"vsel-year\">2025<\/span><\/div><\/div><div class=\"vsel-meta-time\">Uhrzeit: <span>ab 19:00 Uhr<\/span><\/div><div class=\"vsel-meta-location\">Ort: <span>B\u00fcrgerzentrum &#8222;B\u00fcZe&#8220;, Dreifelder Kirchweg 3, 51570 Windeck Dattenfeld<\/span><\/div><\/div><\/div><div class=\"vsel-info vsel-alignright\" style=\"width:63%;\"><div class=\"vsel-text\"><p>Wir treffen uns in der Regel jeden ersten Dienstag im Monat zum Besprechen und Planen von gemeinsamen Aktionen. Die Tagesordnung wird vorher per E-Mail verschickt.Interessierte sind jederzeit herzlich willkommen. Wir k\u00f6nnen ab 19 Uhr in den Raum. Mit der Tagesordnung wird dann zwischen 19:15 und 19:30 Uhr begonnen. Das B\u00fcZe kann auch bequem per Bus [&hellip;]<\/p>\n<\/div><\/div><\/div><div id=\"event-1657\" class=\"vsel-content konsum sonstige-veranstaltung vsel-past\"><h3 class=\"vsel-meta-title\"><a href=\"https:\/\/www.klimainitiative-windeck.de\/index.php\/event\/kleidertauschparty\/\" rel=\"bookmark\" title=\"Kleidertauschparty\">Kleidertauschparty<\/a><\/h3><div class=\"vsel-meta vsel-alignleft\" style=\"width:33%;\"><div class=\"vsel-meta-combine\"><div class=\"vsel-meta-date-icon vsel-meta-single-date-icon\"><div class=\"vsel-start-icon\"><span class=\"vsel-month vsel-month-top\">Okt.<\/span><span class=\"vsel-day\">25<\/span><span class=\"vsel-year\">2025<\/span><\/div><\/div><div class=\"vsel-meta-time\">Uhrzeit: <span>14:00 &#8211; 17:00 Uhr<\/span><\/div><div class=\"vsel-meta-location\">Ort: <span>B\u00fcrgerzentrum &#8222;B\u00fcZe&#8220;, Dreifelder Kirchweg 3, 51570 Windeck Dattenfeld<\/span><\/div><\/div><\/div><div class=\"vsel-info vsel-alignright\" style=\"width:63%;\"><div class=\"vsel-text\"><p>Bereits zum dritten Mal veranstalten wir eine Kleidertauschparty, dieses Mal f\u00fcr Frauen und M\u00e4nner! Wir alle kennen den Wunsch, uns mit einem neuen Kleidungsst\u00fcck zu verw\u00f6hnen,\u00a0uns was Gutes zu g\u00f6nnen. Mit der kostenlosen Kleidertauschb\u00f6rse geht dies einfach,\u00a0kostenneutral und im Sinne des Klimaschutzes nachhaltig. Und dazu macht es Freude! So einfach geht\u2019s:\u00a0Du bringst Deine gut erhaltene [&hellip;]<\/p>\n<\/div><\/div><\/div><div class=\"vsel-nav-numeric\"><span aria-current=\"page\" class=\"page-numbers current\">1<\/span>\n<a class=\"page-numbers\" href=\"https:\/\/www.klimainitiative-windeck.de\/index.php\/wp-json\/wp\/v2\/pages\/1497\/page\/2\/\">2<\/a>\n<a class=\"page-numbers\" href=\"https:\/\/www.klimainitiative-windeck.de\/index.php\/wp-json\/wp\/v2\/pages\/1497\/page\/3\/\">3<\/a>\n<span class=\"page-numbers dots\">&hellip;<\/span>\n<a class=\"page-numbers\" href=\"https:\/\/www.klimainitiative-windeck.de\/index.php\/wp-json\/wp\/v2\/pages\/1497\/page\/7\/\">7<\/a>\n<a class=\"next page-numbers\" href=\"https:\/\/www.klimainitiative-windeck.de\/index.php\/wp-json\/wp\/v2\/pages\/1497\/page\/2\/\">Weiter &raquo;<\/a><\/div><\/div>","protected":false},"excerpt":{"rendered":"<p>Anstehende Veranstaltungen Vergangene Veranstaltungen<\/p>\n","protected":false},"author":1,"featured_media":0,"parent":0,"menu_order":0,"comment_status":"closed","ping_status":"closed","template":"","meta":{"site-sidebar-layout":"no-sidebar","site-content-layout":"","ast-site-content-layout":"normal-width-container","site-content-style":"default","site-sidebar-style":"default","ast-global-header-display":"","ast-banner-title-visibility":"","ast-main-header-display":"","ast-hfb-above-header-display":"","ast-hfb-below-header-display":"","ast-hfb-mobile-header-display":"","site-post-title":"","ast-breadcrumbs-content":"","ast-featured-img":"","footer-sml-layout":"","ast-disable-related-posts":"","theme-transparent-header-meta":"","adv-header-id-meta":"","stick-header-meta":"","header-above-stick-meta":"","header-main-stick-meta":"","header-below-stick-meta":"","astra-migrate-meta-layouts":"set","ast-page-background-enabled":"default","ast-page-background-meta":{"desktop":{"background-color":"var(--ast-global-color-4)","background-image":"","background-repeat":"repeat","background-position":"center center","background-size":"auto","background-attachment":"scroll","background-type":"","background-media":"","overlay-type":"","overlay-color":"","overlay-opacity":"","overlay-gradient":""},"tablet":{"background-color":"","background-image":"","background-repeat":"repeat","background-position":"center center","background-size":"auto","background-attachment":"scroll","background-type":"","background-media":"","overlay-type":"","overlay-color":"","overlay-opacity":"","overlay-gradient":""},"mobile":{"background-color":"","background-image":"","background-repeat":"repeat","background-position":"center center","background-size":"auto","background-attachment":"scroll","background-type":"","background-media":"","overlay-type":"","overlay-color":"","overlay-opacity":"","overlay-gradient":""}},"ast-content-background-meta":{"desktop":{"background-color":"var(--ast-global-color-5)","background-image":"","background-repeat":"repeat","background-position":"center center","background-size":"auto","background-attachment":"scroll","background-type":"","background-media":"","overlay-type":"","overlay-color":"","overlay-opacity":"","overlay-gradient":""},"tablet":{"background-color":"var(--ast-global-color-5)","background-image":"","background-repeat":"repeat","background-position":"center center","background-size":"auto","background-attachment":"scroll","background-type":"","background-media":"","overlay-type":"","overlay-color":"","overlay-opacity":"","overlay-gradient":""},"mobile":{"background-color":"var(--ast-global-color-5)","background-image":"","background-repeat":"repeat","background-position":"center center","background-size":"auto","background-attachment":"scroll","background-type":"","background-media":"","overlay-type":"","overlay-color":"","overlay-opacity":"","overlay-gradient":""}},"footnotes":""},"class_list":["post-1497","page","type-page","status-publish","hentry"],"_links":{"self":[{"href":"https:\/\/www.klimainitiative-windeck.de\/index.php\/wp-json\/wp\/v2\/pages\/1497","targetHints":{"allow":["GET"]}}],"collection":[{"href":"https:\/\/www.klimainitiative-windeck.de\/index.php\/wp-json\/wp\/v2\/pages"}],"about":[{"href":"https:\/\/www.klimainitiative-windeck.de\/index.php\/wp-json\/wp\/v2\/types\/page"}],"author":[{"embeddable":true,"href":"https:\/\/www.klimainitiative-windeck.de\/index.php\/wp-json\/wp\/v2\/users\/1"}],"replies":[{"embeddable":true,"href":"https:\/\/www.klimainitiative-windeck.de\/index.php\/wp-json\/wp\/v2\/comments?post=1497"}],"version-history":[{"count":0,"href":"https:\/\/www.klimainitiative-windeck.de\/index.php\/wp-json\/wp\/v2\/pages\/1497\/revisions"}],"wp:attachment":[{"href":"https:\/\/www.klimainitiative-windeck.de\/index.php\/wp-json\/wp\/v2\/media?parent=1497"}],"curies":[{"name":"wp","href":"https:\/\/api.w.org\/{rel}","templated":true}]}}